{"id":47479,"date":"2026-04-16T00:00:00","date_gmt":"2026-04-15T22:00:00","guid":{"rendered":"https:\/\/homeday.webpremiere.de\/index.php\/produkt\/produkt\/"},"modified":"2026-04-21T21:48:58","modified_gmt":"2026-04-21T19:48:58","slug":"bretz-cloud-7-stoff-grau-beige-ecksofa-neubezug-%e2%9c%a8","status":"publish","type":"product","link":"https:\/\/homeday.webpremiere.de\/index.php\/produkt\/bretz-cloud-7-stoff-grau-beige-ecksofa-neubezug-%e2%9c%a8\/","title":{"rendered":"Bretz Cloud 7 Stoff Grau Beige Ecksofa Neubezug \u2728"},"content":{"rendered":"<div>\n<p id=\"viewad-description-text\" class=\"ad-keydetails--ad-description\">Revive GmbH | Gebrauchte Designerm\u00f6bel \u2022 Professionell aufbereitet \u2022 Nachhaltig \u2022 Authentisch<\/p>\n<p>Nur online verf\u00fcgbar &#8211; Vorbestellung<br \/>Online bestellen: www.revive.de\/products\/29240-c5<br \/>Artikelnummer: #29240-c5<\/p>\n<p>Mit dem Modell \u201eCloud 7\u201c von Bretz holst du dir nicht einfach nur ein Sofa, sondern eine extravagante Wohnskulptur in dein Zuhause. Die deutsche Manufaktur Bretz ist bekannt f\u00fcr mutiges, unkonventionelles Design \u2013 und dieses Sofa macht seinem Namen alle Ehre: Es sieht aus wie eine gem\u00fctliche Wolkenlandschaft.Das absolute Highlight an diesem St\u00fcck ist der komplette Neubezug: Das Sofa erstrahlt in einem modernen, warmen Grau-Beige (Greige\/Taupe), das makellos ist und sich vielseitiger kombinieren l\u00e4sst als die oft sehr knalligen Originalstoffe von Bretz. Charakteristisch f\u00fcr die Cloud 7 ist die aufwendige Kassetten-Steppung, die sich \u00fcber die gesamte Sitz- und R\u00fcckenfl\u00e4che zieht und die weiche, volumin\u00f6se Optik verst\u00e4rkt.Die Form ist asymmetrisch und organisch, ohne harte Kanten, was den &#8222;flie\u00dfenden&#8220; Charakter unterstreicht. Mit seiner \u00fcbertiefen Sitzfl\u00e4che und der soften Polsterung bietet es ein unvergleichliches Sitzgef\u00fchl \u2013 man sitzt nicht darauf, man versinkt f\u00f6rmlich darin. Ein spektakul\u00e4rer Mittelpunkt f\u00fcr jedes gro\u00dfe Wohnzimmer.<\/p>\n<p>\u2022 Ma\u00dfe<br \/>Breite: 220\/220\/364cm<br \/>H\u00f6he: 77cm<br \/>Tiefe: 150\/250cm<br \/>Sitzh\u00f6he: 36cm<br \/>Lehnenh\u00f6he: 52cm<br \/>Sitztiefe: 90\/115cm<br \/>Sitzbreite: 100\/70\/100cm<br \/>R\u00fcckenlehnenh\u00f6he: 54cm<\/p>\n<p>\u2022 Artikelinformationen<br \/>Hersteller: Bretz<br \/>Modell: Cloud 7<br \/>Designer: Bretz Brothers<br \/>Farbe: Grau<br \/>Material: Stoff<br \/>Produktart: Ecksofa<br \/>Nichtraucher-Haushalt: Ja<\/p>\n<p>\u2022 Lieferung bis in&#8217;s Wohnzimmer (bundesweit)<br \/>249 EUR<\/p>\n<p>Die Lieferung erfolgt durch zwei unserer Mitarbeiter bis zum gew\u00fcnschten Platz (inkl. Verpackungsentsorgung).<br \/>Alle Artikel werden von uns auf ihre Qualit\u00e4t gepr\u00fcft und sorgf\u00e4ltig verpackt.<br \/>Wir informieren dich 1-3 Tage vorab \u00fcber den konkreten Liefertermin.<br \/>Du ben\u00f6tigst eine Lieferung ins Ausland? Komm gerne auf uns zu und wir machen dir ein Angebot.<\/p>\n<p>\u2022 \u00dcber Revive<br \/>Mit unserer professionellen Aufbereitung schenken wir gebrauchten Designerm\u00f6beln ein neues Leben.<br \/>Unsere Produkte sind gegen\u00fcber dem Neupreis bereits stark reduziert \u2013 so erh\u00e4ltst du hochwertige Produkte zu einem unschlagbaren Preis. Zus\u00e4tzlich spenden wir 10% unseres Gewinns an gemeinn\u00fctzige Zwecke.<\/p>\n<p>\u2022 Deine Vorteile im \u00dcberblick<br \/>&#8211; Mehr als 1000 sofort verf\u00fcgbare Designerm\u00f6bel<br \/>&#8211; Top Preise<br \/>&#8211; Nachhaltig<br \/>&#8211; 2-Mann-Lieferung ins Zimmer deiner Wahl<br \/>&#8211; Kostenlose Montage<br \/>&#8211; 30 Tage R\u00fcckgaberecht<br \/>&#8211; 1 Jahr Gew\u00e4hrleistung<\/p>\n<p>\u2022 Showroom<br \/>Revive GmbH<br \/>Ottostra\u00dfe 3<br \/>50859 K\u00f6ln &#8211; L\u00f6venich<br \/>Vorbestellung &#8211; Besichtigung eingeschr\u00e4nkt m\u00f6glich, bitte vorher melden<\/p>\n<p>\u2022 Kundenservice<br \/>Du hast eine Frage? Gerne steht dir unser Team telefonisch und per E-Mail zur Seite.<\/p>\n<p>Telefon: 0221 69 20 65 60<br \/>E-Mail: hier per Nachricht<\/p>\n<p>\u2022 H\u00e4ufig gestellte Fragen<\/p>\n<p>&gt;&gt; Auf den Fotos kann ich keine Gebrauchsspuren erkennen. Was bedeutet das?<br \/>Bei all unseren Produkten sind m\u00f6gliche Gebrauchsspuren eindeutig mit Detail-Fotos bebildert. Ist dies nicht der Fall, befindet sich der Artikel in einem sehr guten Zustand und weist keinerlei sichtbare M\u00e4ngel auf.<\/p>\n<p>&gt;&gt; Kann dieses Produkt besichtigt werden?<br \/>Bei diesem Produkt handelt es sich um eine Vorbestellung mit einer Lieferzeit von 8-12 Wochen.<br \/>Eine Besichtigung ist m\u00f6glich, sobald das Produkt bei uns im Lager angekommen und aufbereitet wurde.<br \/>Optional kannst du einen pers\u00f6nlichen Termin zur Beratung auf revive.de\/products\/29240-c5 buchen.<br \/>Termine bieten wir sowohl vor Ort, als auch per Video an.<br \/>Wir gehen auf deine individuellen W\u00fcnsche ein und bieten dir eine pers\u00f6nliche Beratung.<\/p>\n<p>&gt;&gt; Ist der Preis verhandelbar?<br \/>Nein, denn unsere Produkte sind gegen\u00fcber dem Neupreis bereits stark reduziert \u2013 so erh\u00e4ltst du hochwertige Produkte zu einem unschlagbaren Preis.<br \/>M\u00f6gliche Gebrauchsspuren sind bereits mit einberechnet.<br \/>Alle unsere Preise werden von unseren Experten mit gro\u00dfer Sorgfalt gepr\u00fcft. Mittels Hersteller und Modell ist der Neupreis f\u00fcr dich jederzeit<\/p>\n<\/div>\n","protected":false},"excerpt":{"rendered":"<p>Revive GmbH | Gebrauchte Designerm\u00f6bel \u2022 Professionell aufbereitet \u2022 Nachhaltig \u2022 Authentisch Nur online verf\u00fcgbar &#8211; Vorbestellung Online bestellen: www.revive.de\/products\/29240-c5 Artikelnummer: #29240-c5 Mit dem Modell \u201eCloud 7\u201c von Bretz hols&#8230;<\/p>\n","protected":false},"featured_media":50041,"template":"","meta":[],"product_label":[],"product_brand":[],"product_cat":[15],"product_tag":[],"class_list":{"0":"post-47479","1":"product","2":"type-product","3":"status-publish","4":"has-post-thumbnail","6":"product_cat-unkategorisiert","8":"first","9":"instock","10":"shipping-taxable","11":"purchasable","12":"product-type-kleinanzeige"},"_links":{"self":[{"href":"https:\/\/homeday.webpremiere.de\/index.php\/wp-json\/wp\/v2\/product\/47479","targetHints":{"allow":["GET"]}}],"collection":[{"href":"https:\/\/homeday.webpremiere.de\/index.php\/wp-json\/wp\/v2\/product"}],"about":[{"href":"https:\/\/homeday.webpremiere.de\/index.php\/wp-json\/wp\/v2\/types\/product"}],"wp:featuredmedia":[{"embeddable":true,"href":"https:\/\/homeday.webpremiere.de\/index.php\/wp-json\/wp\/v2\/media\/50041"}],"wp:attachment":[{"href":"https:\/\/homeday.webpremiere.de\/index.php\/wp-json\/wp\/v2\/media?parent=47479"}],"wp:term":[{"taxonomy":"product_label","embeddable":true,"href":"https:\/\/homeday.webpremiere.de\/index.php\/wp-json\/wp\/v2\/product_label?post=47479"},{"taxonomy":"product_brand","embeddable":true,"href":"https:\/\/homeday.webpremiere.de\/index.php\/wp-json\/wp\/v2\/product_brand?post=47479"},{"taxonomy":"product_cat","embeddable":true,"href":"https:\/\/homeday.webpremiere.de\/index.php\/wp-json\/wp\/v2\/product_cat?post=47479"},{"taxonomy":"product_tag","embeddable":true,"href":"https:\/\/homeday.webpremiere.de\/index.php\/wp-json\/wp\/v2\/product_tag?post=47479"}],"curies":[{"name":"wp","href":"https:\/\/api.w.org\/{rel}","templated":true}]}}

<div>
<p id="viewad-description-text" class="ad-keydetails--ad-description">Revive GmbH | Gebrauchte Designermöbel • Professionell aufbereitet • Nachhaltig • Authentisch</p>
<p>Nur online verfügbar &#8211; Vorbestellung<br />Online bestellen: www.revive.de/products/29240-c5<br />Artikelnummer: #29240-c5</p>
<p>Mit dem Modell „Cloud 7“ von Bretz holst du dir nicht einfach nur ein Sofa, sondern eine extravagante Wohnskulptur in dein Zuhause. Die deutsche Manufaktur Bretz ist bekannt für mutiges, unkonventionelles Design – und dieses Sofa macht seinem Namen alle Ehre: Es sieht aus wie eine gemütliche Wolkenlandschaft.Das absolute Highlight an diesem Stück ist der komplette Neubezug: Das Sofa erstrahlt in einem modernen, warmen Grau-Beige (Greige/Taupe), das makellos ist und sich vielseitiger kombinieren lässt als die oft sehr knalligen Originalstoffe von Bretz. Charakteristisch für die Cloud 7 ist die aufwendige Kassetten-Steppung, die sich über die gesamte Sitz- und Rückenfläche zieht und die weiche, voluminöse Optik verstärkt.Die Form ist asymmetrisch und organisch, ohne harte Kanten, was den &#8222;fließenden&#8220; Charakter unterstreicht. Mit seiner übertiefen Sitzfläche und der soften Polsterung bietet es ein unvergleichliches Sitzgefühl – man sitzt nicht darauf, man versinkt förmlich darin. Ein spektakulärer Mittelpunkt für jedes große Wohnzimmer.</p>
<p>• Maße<br />Breite: 220/220/364cm<br />Höhe: 77cm<br />Tiefe: 150/250cm<br />Sitzhöhe: 36cm<br />Lehnenhöhe: 52cm<br />Sitztiefe: 90/115cm<br />Sitzbreite: 100/70/100cm<br />Rückenlehnenhöhe: 54cm</p>
<p>• Artikelinformationen<br />Hersteller: Bretz<br />Modell: Cloud 7<br />Designer: Bretz Brothers<br />Farbe: Grau<br />Material: Stoff<br />Produktart: Ecksofa<br />Nichtraucher-Haushalt: Ja</p>
<p>• Lieferung bis in&#8217;s Wohnzimmer (bundesweit)<br />249 EUR</p>
<p>Die Lieferung erfolgt durch zwei unserer Mitarbeiter bis zum gewünschten Platz (inkl. Verpackungsentsorgung).<br />Alle Artikel werden von uns auf ihre Qualität geprüft und sorgfältig verpackt.<br />Wir informieren dich 1-3 Tage vorab über den konkreten Liefertermin.<br />Du benötigst eine Lieferung ins Ausland? Komm gerne auf uns zu und wir machen dir ein Angebot.</p>
<p>• Über Revive<br />Mit unserer professionellen Aufbereitung schenken wir gebrauchten Designermöbeln ein neues Leben.<br />Unsere Produkte sind gegenüber dem Neupreis bereits stark reduziert – so erhältst du hochwertige Produkte zu einem unschlagbaren Preis. Zusätzlich spenden wir 10% unseres Gewinns an gemeinnützige Zwecke.</p>
<p>• Deine Vorteile im Überblick<br />&#8211; Mehr als 1000 sofort verfügbare Designermöbel<br />&#8211; Top Preise<br />&#8211; Nachhaltig<br />&#8211; 2-Mann-Lieferung ins Zimmer deiner Wahl<br />&#8211; Kostenlose Montage<br />&#8211; 30 Tage Rückgaberecht<br />&#8211; 1 Jahr Gewährleistung</p>
<p>• Showroom<br />Revive GmbH<br />Ottostraße 3<br />50859 Köln &#8211; Lövenich<br />Vorbestellung &#8211; Besichtigung eingeschränkt möglich, bitte vorher melden</p>
<p>• Kundenservice<br />Du hast eine Frage? Gerne steht dir unser Team telefonisch und per E-Mail zur Seite.</p>
<p>Telefon: 0221 69 20 65 60<br />E-Mail: hier per Nachricht</p>
<p>• Häufig gestellte Fragen</p>
<p>&gt;&gt; Auf den Fotos kann ich keine Gebrauchsspuren erkennen. Was bedeutet das?<br />Bei all unseren Produkten sind mögliche Gebrauchsspuren eindeutig mit Detail-Fotos bebildert. Ist dies nicht der Fall, befindet sich der Artikel in einem sehr guten Zustand und weist keinerlei sichtbare Mängel auf.</p>
<p>&gt;&gt; Kann dieses Produkt besichtigt werden?<br />Bei diesem Produkt handelt es sich um eine Vorbestellung mit einer Lieferzeit von 8-12 Wochen.<br />Eine Besichtigung ist möglich, sobald das Produkt bei uns im Lager angekommen und aufbereitet wurde.<br />Optional kannst du einen persönlichen Termin zur Beratung auf revive.de/products/29240-c5 buchen.<br />Termine bieten wir sowohl vor Ort, als auch per Video an.<br />Wir gehen auf deine individuellen Wünsche ein und bieten dir eine persönliche Beratung.</p>
<p>&gt;&gt; Ist der Preis verhandelbar?<br />Nein, denn unsere Produkte sind gegenüber dem Neupreis bereits stark reduziert – so erhältst du hochwertige Produkte zu einem unschlagbaren Preis.<br />Mögliche Gebrauchsspuren sind bereits mit einberechnet.<br />Alle unsere Preise werden von unseren Experten mit großer Sorgfalt geprüft. Mittels Hersteller und Modell ist der Neupreis für dich jederzeit</p>
</div>

<p>Revive GmbH | Gebrauchte Designermöbel • Professionell aufbereitet • Nachhaltig • Authentisch Nur online verfügbar &#8211; Vorbestellung Online bestellen: www.revive.de/products/29240-c5 Artikelnummer: #29240-c5 Mit dem Modell „Cloud 7“ von Bretz hols&#8230;</p>
