{"id":50582,"date":"2026-04-11T00:00:00","date_gmt":"2026-04-10T22:00:00","guid":{"rendered":"https:\/\/homeday.webpremiere.de\/index.php\/produkt\/produkt\/"},"modified":"2026-04-21T22:31:19","modified_gmt":"2026-04-21T20:31:19","slug":"cor-conseta-leder-zweisitzer-schwarz-sofa-couch-kopfstuetze","status":"publish","type":"product","link":"https:\/\/homeday.webpremiere.de\/index.php\/produkt\/cor-conseta-leder-zweisitzer-schwarz-sofa-couch-kopfstuetze\/","title":{"rendered":"Cor Conseta Leder Zweisitzer Schwarz Sofa Couch Kopfst\u00fctze"},"content":{"rendered":"<div>\n<p id=\"viewad-description-text\" class=\"ad-keydetails--ad-description\">Revive GmbH | Gebrauchte Designerm\u00f6bel \u2022 Aufbereitet \u2022 Nachhaltig \u2022 Sofort Verf\u00fcgbar<\/p>\n<p>Verf\u00fcgbar in: K\u00f6ln &#8211; L\u00f6venich<br \/>Online bestellen: www.revive.de\/products\/29282-c3<br \/>Artikelnummer: #29282-c3<\/p>\n<p>Mit der \u201eConseta\u201c von COR holst du dir einen der best\u00e4ndigsten Klassiker der M\u00f6belgeschichte ins Haus. Der Name kommt vom lateinischen \u201econsedere\u201c (zusammensitzen) \u2013 und genau das macht man auf diesem Sofa auf h\u00f6chstem Niveau. Der Zweisitzer ist in hochwertiges, schwarzes Leder geh\u00fcllt, das nicht nur edel aussieht, sondern auch angenehm weich und langlebig ist.Die Formsprache ist absolut zeitlos: Ein kubischer Grundk\u00f6rper, der auf flachen Kufen fast \u00fcber dem Boden zu schweben scheint. Ein besonderes Komfort-Highlight bei diesem Exemplar ist die aufsteckbare Kopfst\u00fctze. Sie verwandelt den eigentlich niedrigen R\u00fccken punktuell in einen Hochlehner, sodass du dich entspannt zur\u00fccklehnen kannst. Die losen Armlehnkissen lockern die Strenge auf und laden zum gem\u00fctlichen Liegen ein. Ein Design-M\u00f6bel, das sich nicht aufdr\u00e4ngt, aber durch Qualit\u00e4t und Understatement \u00fcberzeugt.<\/p>\n<p>\u2022 Ma\u00dfe<br \/>Breite: 196cm<br \/>H\u00f6he: 81\/100cm<br \/>Tiefe: 100cm<br \/>Sitzh\u00f6he: 44cm<br \/>Lehnenh\u00f6he: 58\/69cm<br \/>Sitztiefe: 66cm<br \/>Sitzbreite: 113\/156cm<br \/>R\u00fcckenlehnenh\u00f6he: 38\/59cm<\/p>\n<p>\u2022 Artikelinformationen<br \/>Hersteller: COR<br \/>Modell: Conseta<br \/>Designer: Friedrich Wilhelm M\u00f6ller<br \/>Farbe: Schwarz<br \/>Material: Leder<br \/>Produktart: Zweisitzer<br \/>Nichtraucher-Haushalt: Ja<\/p>\n<p>\u2022 Lieferung bis in&#8217;s Wohnzimmer (bundesweit)<br \/>149 EUR<\/p>\n<p>Die Lieferung erfolgt durch zwei unserer Mitarbeiter bis zum gew\u00fcnschten Platz (inkl. Verpackungsentsorgung).<br \/>Alle Artikel werden von uns auf ihre Qualit\u00e4t gepr\u00fcft und sorgf\u00e4ltig verpackt.<br \/>Wir informieren dich 1-3 Tage vorab \u00fcber den konkreten Liefertermin.<br \/>Du ben\u00f6tigst eine Lieferung ins Ausland? Komm gerne auf uns zu und wir machen dir ein Angebot.<\/p>\n<p>\u2022 \u00dcber Revive<br \/>Mit unserer professionellen Aufbereitung schenken wir gebrauchten Designerm\u00f6beln ein neues Leben.<br \/>Unsere Produkte sind gegen\u00fcber dem Neupreis bereits stark reduziert \u2013 so erh\u00e4ltst du hochwertige Produkte zu einem unschlagbaren Preis. Zus\u00e4tzlich spenden wir 10% unseres Gewinns an gemeinn\u00fctzige Zwecke.<\/p>\n<p>\u2022 Deine Vorteile im \u00dcberblick<br \/>&#8211; Mehr als 1000 sofort verf\u00fcgbare Designerm\u00f6bel<br \/>&#8211; Top Preise<br \/>&#8211; Nachhaltig<br \/>&#8211; 2-Mann-Lieferung ins Zimmer deiner Wahl<br \/>&#8211; Kostenlose Montage<br \/>&#8211; 30 Tage R\u00fcckgaberecht<br \/>&#8211; 1 Jahr Gew\u00e4hrleistung<\/p>\n<p>\u2022 Showroom<br \/>Revive GmbH<br \/>Ottostr. 3<br \/>50859 K\u00f6ln &#8211; L\u00f6venich<br \/>Mo-Do: 13-18 Uhr, Fr-Sa: 10-18 Uhr<\/p>\n<p>\u2022 Kundenservice<br \/>Du hast eine Frage? Gerne steht dir unser Team telefonisch und per E-Mail zur Seite.<\/p>\n<p>Telefon: 0221 69 20 65 60<br \/>E-Mail: hier per Nachricht<\/p>\n<p>\u2022 H\u00e4ufig gestellte Fragen<\/p>\n<p>&gt;&gt; Auf den Fotos kann ich keine Gebrauchsspuren erkennen. Was bedeutet das?<br \/>Bei all unseren Produkten sind m\u00f6gliche Gebrauchsspuren eindeutig mit Detail-Fotos bebildert. Ist dies nicht der Fall, befindet sich der Artikel in einem sehr guten Zustand und weist keinerlei sichtbare M\u00e4ngel auf.<\/p>\n<p>&gt;&gt; K\u00f6nnen die Produkte besichtigt werden?<br \/>Ja, alle angebotenen Artikel haben wir vorr\u00e4tig, diese k\u00f6nnen gerne in unserem Showroom in K\u00f6ln-L\u00f6venich besichtigt werden.<br \/>Optional kannst du innerhalb unserer \u00d6ffnungszeiten (Mo-Do: 13-18 Uhr, Fr-Sa: 10-18 Uhr) einen pers\u00f6nlichen Termin auf revive.de\/products\/29282-c3 buchen.<\/p>\n<p>Alternativ bieten wir dir die M\u00f6glichkeit einer Online Videobesichtigung via WhatsApp.<br \/>Auf jeder Produktseite auf revive.de kannst du deinen Termin buchen.<br \/>Wir gehen auf deine individuellen W\u00fcnsche ein und bieten dir eine pers\u00f6nliche Beratung.<br \/>Die Produktseite f\u00fcr diese Anzeige findest du unter: revive.de\/products\/29282-c3<\/p>\n<p>&gt;&gt; Ist der Preis verhandelbar?<br \/>Nein, denn unsere Produkte sind gegen\u00fcber dem Neupreis bereits stark reduziert \u2013 so erh\u00e4ltst du hochwertige Produkte zu einem unschlagbaren Preis.<br \/>M\u00f6gliche Gebrauchsspuren sind bereits mit einberechnet.<br \/>Alle unsere Preise werden von unseren Experten mit gro\u00dfer Sorgfalt gepr\u00fcft. Mittels Hersteller und Modell ist der Neupreis f\u00fcr dich jederzeit nachvollziehbar.<\/p>\n<p>Hast du weitere Fragen?<br \/>Unser Kundenservice-Team hilft<\/p>\n<\/div>\n","protected":false},"excerpt":{"rendered":"<p>Revive GmbH | Gebrauchte Designerm\u00f6bel \u2022 Aufbereitet \u2022 Nachhaltig \u2022 Sofort Verf\u00fcgbar Verf\u00fcgbar in: K\u00f6ln &#8211; L\u00f6venich Online bestellen: www.revive.de\/products\/29282-c3 Artikelnummer: #29282-c3 Mit der \u201eConseta\u201c von COR holst du dir einen der best\u00e4n&#8230;<\/p>\n","protected":false},"featured_media":55093,"template":"","meta":[],"product_label":[],"product_brand":[],"product_cat":[15],"product_tag":[],"class_list":{"0":"post-50582","1":"product","2":"type-product","3":"status-publish","4":"has-post-thumbnail","6":"product_cat-unkategorisiert","8":"first","9":"instock","10":"shipping-taxable","11":"purchasable","12":"product-type-kleinanzeige"},"_links":{"self":[{"href":"https:\/\/homeday.webpremiere.de\/index.php\/wp-json\/wp\/v2\/product\/50582","targetHints":{"allow":["GET"]}}],"collection":[{"href":"https:\/\/homeday.webpremiere.de\/index.php\/wp-json\/wp\/v2\/product"}],"about":[{"href":"https:\/\/homeday.webpremiere.de\/index.php\/wp-json\/wp\/v2\/types\/product"}],"wp:featuredmedia":[{"embeddable":true,"href":"https:\/\/homeday.webpremiere.de\/index.php\/wp-json\/wp\/v2\/media\/55093"}],"wp:attachment":[{"href":"https:\/\/homeday.webpremiere.de\/index.php\/wp-json\/wp\/v2\/media?parent=50582"}],"wp:term":[{"taxonomy":"product_label","embeddable":true,"href":"https:\/\/homeday.webpremiere.de\/index.php\/wp-json\/wp\/v2\/product_label?post=50582"},{"taxonomy":"product_brand","embeddable":true,"href":"https:\/\/homeday.webpremiere.de\/index.php\/wp-json\/wp\/v2\/product_brand?post=50582"},{"taxonomy":"product_cat","embeddable":true,"href":"https:\/\/homeday.webpremiere.de\/index.php\/wp-json\/wp\/v2\/product_cat?post=50582"},{"taxonomy":"product_tag","embeddable":true,"href":"https:\/\/homeday.webpremiere.de\/index.php\/wp-json\/wp\/v2\/product_tag?post=50582"}],"curies":[{"name":"wp","href":"https:\/\/api.w.org\/{rel}","templated":true}]}}

Cor Conseta Leder Zweisitzer Schwarz Sofa Couch Kopfstütze

<div>
<p id="viewad-description-text" class="ad-keydetails--ad-description">Revive GmbH | Gebrauchte Designermöbel • Aufbereitet • Nachhaltig • Sofort Verfügbar</p>
<p>Verfügbar in: Köln &#8211; Lövenich<br />Online bestellen: www.revive.de/products/29282-c3<br />Artikelnummer: #29282-c3</p>
<p>Mit der „Conseta“ von COR holst du dir einen der beständigsten Klassiker der Möbelgeschichte ins Haus. Der Name kommt vom lateinischen „consedere“ (zusammensitzen) – und genau das macht man auf diesem Sofa auf höchstem Niveau. Der Zweisitzer ist in hochwertiges, schwarzes Leder gehüllt, das nicht nur edel aussieht, sondern auch angenehm weich und langlebig ist.Die Formsprache ist absolut zeitlos: Ein kubischer Grundkörper, der auf flachen Kufen fast über dem Boden zu schweben scheint. Ein besonderes Komfort-Highlight bei diesem Exemplar ist die aufsteckbare Kopfstütze. Sie verwandelt den eigentlich niedrigen Rücken punktuell in einen Hochlehner, sodass du dich entspannt zurücklehnen kannst. Die losen Armlehnkissen lockern die Strenge auf und laden zum gemütlichen Liegen ein. Ein Design-Möbel, das sich nicht aufdrängt, aber durch Qualität und Understatement überzeugt.</p>
<p>• Maße<br />Breite: 196cm<br />Höhe: 81/100cm<br />Tiefe: 100cm<br />Sitzhöhe: 44cm<br />Lehnenhöhe: 58/69cm<br />Sitztiefe: 66cm<br />Sitzbreite: 113/156cm<br />Rückenlehnenhöhe: 38/59cm</p>
<p>• Artikelinformationen<br />Hersteller: COR<br />Modell: Conseta<br />Designer: Friedrich Wilhelm Möller<br />Farbe: Schwarz<br />Material: Leder<br />Produktart: Zweisitzer<br />Nichtraucher-Haushalt: Ja</p>
<p>• Lieferung bis in&#8217;s Wohnzimmer (bundesweit)<br />149 EUR</p>
<p>Die Lieferung erfolgt durch zwei unserer Mitarbeiter bis zum gewünschten Platz (inkl. Verpackungsentsorgung).<br />Alle Artikel werden von uns auf ihre Qualität geprüft und sorgfältig verpackt.<br />Wir informieren dich 1-3 Tage vorab über den konkreten Liefertermin.<br />Du benötigst eine Lieferung ins Ausland? Komm gerne auf uns zu und wir machen dir ein Angebot.</p>
<p>• Über Revive<br />Mit unserer professionellen Aufbereitung schenken wir gebrauchten Designermöbeln ein neues Leben.<br />Unsere Produkte sind gegenüber dem Neupreis bereits stark reduziert – so erhältst du hochwertige Produkte zu einem unschlagbaren Preis. Zusätzlich spenden wir 10% unseres Gewinns an gemeinnützige Zwecke.</p>
<p>• Deine Vorteile im Überblick<br />&#8211; Mehr als 1000 sofort verfügbare Designermöbel<br />&#8211; Top Preise<br />&#8211; Nachhaltig<br />&#8211; 2-Mann-Lieferung ins Zimmer deiner Wahl<br />&#8211; Kostenlose Montage<br />&#8211; 30 Tage Rückgaberecht<br />&#8211; 1 Jahr Gewährleistung</p>
<p>• Showroom<br />Revive GmbH<br />Ottostr. 3<br />50859 Köln &#8211; Lövenich<br />Mo-Do: 13-18 Uhr, Fr-Sa: 10-18 Uhr</p>
<p>• Kundenservice<br />Du hast eine Frage? Gerne steht dir unser Team telefonisch und per E-Mail zur Seite.</p>
<p>Telefon: 0221 69 20 65 60<br />E-Mail: hier per Nachricht</p>
<p>• Häufig gestellte Fragen</p>
<p>&gt;&gt; Auf den Fotos kann ich keine Gebrauchsspuren erkennen. Was bedeutet das?<br />Bei all unseren Produkten sind mögliche Gebrauchsspuren eindeutig mit Detail-Fotos bebildert. Ist dies nicht der Fall, befindet sich der Artikel in einem sehr guten Zustand und weist keinerlei sichtbare Mängel auf.</p>
<p>&gt;&gt; Können die Produkte besichtigt werden?<br />Ja, alle angebotenen Artikel haben wir vorrätig, diese können gerne in unserem Showroom in Köln-Lövenich besichtigt werden.<br />Optional kannst du innerhalb unserer Öffnungszeiten (Mo-Do: 13-18 Uhr, Fr-Sa: 10-18 Uhr) einen persönlichen Termin auf revive.de/products/29282-c3 buchen.</p>
<p>Alternativ bieten wir dir die Möglichkeit einer Online Videobesichtigung via WhatsApp.<br />Auf jeder Produktseite auf revive.de kannst du deinen Termin buchen.<br />Wir gehen auf deine individuellen Wünsche ein und bieten dir eine persönliche Beratung.<br />Die Produktseite für diese Anzeige findest du unter: revive.de/products/29282-c3</p>
<p>&gt;&gt; Ist der Preis verhandelbar?<br />Nein, denn unsere Produkte sind gegenüber dem Neupreis bereits stark reduziert – so erhältst du hochwertige Produkte zu einem unschlagbaren Preis.<br />Mögliche Gebrauchsspuren sind bereits mit einberechnet.<br />Alle unsere Preise werden von unseren Experten mit großer Sorgfalt geprüft. Mittels Hersteller und Modell ist der Neupreis für dich jederzeit nachvollziehbar.</p>
<p>Hast du weitere Fragen?<br />Unser Kundenservice-Team hilft</p>
</div>

<p>Revive GmbH | Gebrauchte Designermöbel • Aufbereitet • Nachhaltig • Sofort Verfügbar Verfügbar in: Köln &#8211; Lövenich Online bestellen: www.revive.de/products/29282-c3 Artikelnummer: #29282-c3 Mit der „Conseta“ von COR holst du dir einen der bestän&#8230;</p>
