{"id":50805,"date":"2026-04-09T00:00:00","date_gmt":"2026-04-08T22:00:00","guid":{"rendered":"https:\/\/homeday.webpremiere.de\/index.php\/produkt\/produkt\/"},"modified":"2026-04-21T22:41:10","modified_gmt":"2026-04-21T20:41:10","slug":"bruehl-moule-stoff-ecksofa-grau-sofa-couch-manuelle-funktion","status":"publish","type":"product","link":"https:\/\/homeday.webpremiere.de\/index.php\/produkt\/bruehl-moule-stoff-ecksofa-grau-sofa-couch-manuelle-funktion\/","title":{"rendered":"Br\u00fchl Moule Stoff Ecksofa Grau Sofa Couch manuelle Funktion"},"content":{"rendered":"<div>\n<p id=\"viewad-description-text\" class=\"ad-keydetails--ad-description\">Revive GmbH | Gebrauchte Designerm\u00f6bel \u2022 Aufbereitet \u2022 Nachhaltig \u2022 Sofort Verf\u00fcgbar<\/p>\n<p>Verf\u00fcgbar in: K\u00f6ln &#8211; L\u00f6venich<br \/>Online bestellen: www.revive.de\/products\/29710-c3<br \/>Artikelnummer: #29710-c3<\/p>\n<p>Br\u00fchl Moule: Der Verwandlungsk\u00fcnstlerDieses Sofa ist eine Ikone des flexiblen Wohnens. Das Modell \u201eMoule\u201c der deutschen Manufaktur Br\u00fchl ist weltber\u00fchmt f\u00fcr seine unglaubliche Wandelbarkeit und gilt als eines der funktionalsten Sofas auf dem Markt.Das Ecksofa ist in einen hochwertigen Strukturstoff in Grau geh\u00fcllt. Der Stoff hat eine griffige, gewebte Struktur, die nicht nur unempfindlich ist, sondern dem modernen Design auch eine wohnliche Note verleiht. Das Design ist luftig und transparent:Schwebende Basis: Das Sofa ruht auf gl\u00e4nzenden Metallkufen in Chrom-Optik. Diese filigranen F\u00fc\u00dfe lassen das Volumen des Sofas fast verschwinden und unterstreichen die moderne Architektur.Aufbau: Es handelt sich um eine asymmetrische Ecke, bestehend aus einem Longchair (links) und einem Anbausofa (rechts). Die Polsterung ist kubisch, aber weich, mit losen R\u00fcckenkissen, die f\u00fcr legeren Komfort sorgen.Das Highlight sind die vielf\u00e4ltigen manuellen Funktionen, die typisch f\u00fcr das Moule sind: Auf dem Bild ist besonders gut an der rechten Seite die verstellbare Armlehne zu erkennen. Sie ist hier hochgeklappt, l\u00e4sst sich aber komplett flachlegen, um die Sitzfl\u00e4che zu erweitern, oder als Kopfst\u00fctze nutzen. Normalerweise bietet das Moule-System noch mehr: Oft sind die Sitze drehbar, um sie zur Liegewiese zu verwandeln, und die R\u00fcckenlehnen lassen sich in der Neigung verstellen (Hochlehner-Funktion).<\/p>\n<p>\u2022 Ma\u00dfe<br \/>Breite: 171\/229&#215;275\/300xcm<br \/>H\u00f6he: 81\/104cm<br \/>Tiefe: 171\/229\/\/92\/182cm<br \/>Sitzh\u00f6he: 41cm<br \/>Lehnenh\u00f6he: 41\/72cm<br \/>Sitztiefe: 135\/\/65\/\/65\/117cm<br \/>Sitzbreite: 225cm<br \/>R\u00fcckenlehnenh\u00f6he: 35\/64cm<\/p>\n<p>\u2022 Artikelinformationen<br \/>Hersteller: Br\u00fchl<br \/>Modell: Moule<br \/>Designer: Roland Meyer-Br\u00fchl<br \/>Farbe: Grau<br \/>Material: Stoff<br \/>Produktart: Ecksofa<br \/>Nichtraucher-Haushalt: Ja<\/p>\n<p>\u2022 Lieferung bis in&#8217;s Wohnzimmer (bundesweit)<br \/>249 EUR<\/p>\n<p>Die Lieferung erfolgt durch zwei unserer Mitarbeiter bis zum gew\u00fcnschten Platz (inkl. Verpackungsentsorgung).<br \/>Alle Artikel werden von uns auf ihre Qualit\u00e4t gepr\u00fcft und sorgf\u00e4ltig verpackt.<br \/>Wir informieren dich 1-3 Tage vorab \u00fcber den konkreten Liefertermin.<br \/>Du ben\u00f6tigst eine Lieferung ins Ausland? Komm gerne auf uns zu und wir machen dir ein Angebot.<\/p>\n<p>\u2022 \u00dcber Revive<br \/>Mit unserer professionellen Aufbereitung schenken wir gebrauchten Designerm\u00f6beln ein neues Leben.<br \/>Unsere Produkte sind gegen\u00fcber dem Neupreis bereits stark reduziert \u2013 so erh\u00e4ltst du hochwertige Produkte zu einem unschlagbaren Preis. Zus\u00e4tzlich spenden wir 10% unseres Gewinns an gemeinn\u00fctzige Zwecke.<\/p>\n<p>\u2022 Deine Vorteile im \u00dcberblick<br \/>&#8211; Mehr als 1000 sofort verf\u00fcgbare Designerm\u00f6bel<br \/>&#8211; Top Preise<br \/>&#8211; Nachhaltig<br \/>&#8211; 2-Mann-Lieferung ins Zimmer deiner Wahl<br \/>&#8211; Kostenlose Montage<br \/>&#8211; 30 Tage R\u00fcckgaberecht<br \/>&#8211; 1 Jahr Gew\u00e4hrleistung<\/p>\n<p>\u2022 Showroom<br \/>Revive GmbH<br \/>Ottostr. 3<br \/>50859 K\u00f6ln &#8211; L\u00f6venich<br \/>Mo-Do: 13-18 Uhr, Fr-Sa: 10-18 Uhr<\/p>\n<p>\u2022 Kundenservice<br \/>Du hast eine Frage? Gerne steht dir unser Team telefonisch und per E-Mail zur Seite.<\/p>\n<p>Telefon: 0221 69 20 65 60<br \/>E-Mail: hier per Nachricht<\/p>\n<p>\u2022 H\u00e4ufig gestellte Fragen<\/p>\n<p>&gt;&gt; Auf den Fotos kann ich keine Gebrauchsspuren erkennen. Was bedeutet das?<br \/>Bei all unseren Produkten sind m\u00f6gliche Gebrauchsspuren eindeutig mit Detail-Fotos bebildert. Ist dies nicht der Fall, befindet sich der Artikel in einem sehr guten Zustand und weist keinerlei sichtbare M\u00e4ngel auf.<\/p>\n<p>&gt;&gt; K\u00f6nnen die Produkte besichtigt werden?<br \/>Ja, alle angebotenen Artikel haben wir vorr\u00e4tig, diese k\u00f6nnen gerne in unserem Showroom in K\u00f6ln-L\u00f6venich besichtigt werden.<br \/>Optional kannst du innerhalb unserer \u00d6ffnungszeiten (Mo-Do: 13-18 Uhr, Fr-Sa: 10-18 Uhr) einen pers\u00f6nlichen Termin auf revive.de\/products\/29710-c3 buchen.<\/p>\n<p>Alternativ bieten wir dir die M\u00f6glichkeit einer Online Videobesichtigung via WhatsApp.<br \/>Auf jeder Produktseite auf revive.de kannst du deinen Termin buchen.<br \/>Wir gehen auf deine individuellen W\u00fcnsche ein und bieten dir eine pers\u00f6nliche<\/p>\n<\/div>\n","protected":false},"excerpt":{"rendered":"<p>Revive GmbH | Gebrauchte Designerm\u00f6bel \u2022 Aufbereitet \u2022 Nachhaltig \u2022 Sofort Verf\u00fcgbar Verf\u00fcgbar in: K\u00f6ln &#8211; L\u00f6venich Online bestellen: www.revive.de\/products\/29710-c3 Artikelnummer: #29710-c3 Br\u00fchl Moule: Der Verwandlungsk\u00fcnstlerDieses Sofa ist ei&#8230;<\/p>\n","protected":false},"featured_media":56216,"template":"","meta":[],"product_label":[],"product_brand":[],"product_cat":[15],"product_tag":[],"class_list":{"0":"post-50805","1":"product","2":"type-product","3":"status-publish","4":"has-post-thumbnail","6":"product_cat-unkategorisiert","8":"first","9":"instock","10":"shipping-taxable","11":"purchasable","12":"product-type-kleinanzeige"},"_links":{"self":[{"href":"https:\/\/homeday.webpremiere.de\/index.php\/wp-json\/wp\/v2\/product\/50805","targetHints":{"allow":["GET"]}}],"collection":[{"href":"https:\/\/homeday.webpremiere.de\/index.php\/wp-json\/wp\/v2\/product"}],"about":[{"href":"https:\/\/homeday.webpremiere.de\/index.php\/wp-json\/wp\/v2\/types\/product"}],"wp:featuredmedia":[{"embeddable":true,"href":"https:\/\/homeday.webpremiere.de\/index.php\/wp-json\/wp\/v2\/media\/56216"}],"wp:attachment":[{"href":"https:\/\/homeday.webpremiere.de\/index.php\/wp-json\/wp\/v2\/media?parent=50805"}],"wp:term":[{"taxonomy":"product_label","embeddable":true,"href":"https:\/\/homeday.webpremiere.de\/index.php\/wp-json\/wp\/v2\/product_label?post=50805"},{"taxonomy":"product_brand","embeddable":true,"href":"https:\/\/homeday.webpremiere.de\/index.php\/wp-json\/wp\/v2\/product_brand?post=50805"},{"taxonomy":"product_cat","embeddable":true,"href":"https:\/\/homeday.webpremiere.de\/index.php\/wp-json\/wp\/v2\/product_cat?post=50805"},{"taxonomy":"product_tag","embeddable":true,"href":"https:\/\/homeday.webpremiere.de\/index.php\/wp-json\/wp\/v2\/product_tag?post=50805"}],"curies":[{"name":"wp","href":"https:\/\/api.w.org\/{rel}","templated":true}]}}

Brühl Moule Stoff Ecksofa Grau Sofa Couch manuelle Funktion

<div>
<p id="viewad-description-text" class="ad-keydetails--ad-description">Revive GmbH | Gebrauchte Designermöbel • Aufbereitet • Nachhaltig • Sofort Verfügbar</p>
<p>Verfügbar in: Köln &#8211; Lövenich<br />Online bestellen: www.revive.de/products/29710-c3<br />Artikelnummer: #29710-c3</p>
<p>Brühl Moule: Der VerwandlungskünstlerDieses Sofa ist eine Ikone des flexiblen Wohnens. Das Modell „Moule“ der deutschen Manufaktur Brühl ist weltberühmt für seine unglaubliche Wandelbarkeit und gilt als eines der funktionalsten Sofas auf dem Markt.Das Ecksofa ist in einen hochwertigen Strukturstoff in Grau gehüllt. Der Stoff hat eine griffige, gewebte Struktur, die nicht nur unempfindlich ist, sondern dem modernen Design auch eine wohnliche Note verleiht. Das Design ist luftig und transparent:Schwebende Basis: Das Sofa ruht auf glänzenden Metallkufen in Chrom-Optik. Diese filigranen Füße lassen das Volumen des Sofas fast verschwinden und unterstreichen die moderne Architektur.Aufbau: Es handelt sich um eine asymmetrische Ecke, bestehend aus einem Longchair (links) und einem Anbausofa (rechts). Die Polsterung ist kubisch, aber weich, mit losen Rückenkissen, die für legeren Komfort sorgen.Das Highlight sind die vielfältigen manuellen Funktionen, die typisch für das Moule sind: Auf dem Bild ist besonders gut an der rechten Seite die verstellbare Armlehne zu erkennen. Sie ist hier hochgeklappt, lässt sich aber komplett flachlegen, um die Sitzfläche zu erweitern, oder als Kopfstütze nutzen. Normalerweise bietet das Moule-System noch mehr: Oft sind die Sitze drehbar, um sie zur Liegewiese zu verwandeln, und die Rückenlehnen lassen sich in der Neigung verstellen (Hochlehner-Funktion).</p>
<p>• Maße<br />Breite: 171/229&#215;275/300xcm<br />Höhe: 81/104cm<br />Tiefe: 171/229//92/182cm<br />Sitzhöhe: 41cm<br />Lehnenhöhe: 41/72cm<br />Sitztiefe: 135//65//65/117cm<br />Sitzbreite: 225cm<br />Rückenlehnenhöhe: 35/64cm</p>
<p>• Artikelinformationen<br />Hersteller: Brühl<br />Modell: Moule<br />Designer: Roland Meyer-Brühl<br />Farbe: Grau<br />Material: Stoff<br />Produktart: Ecksofa<br />Nichtraucher-Haushalt: Ja</p>
<p>• Lieferung bis in&#8217;s Wohnzimmer (bundesweit)<br />249 EUR</p>
<p>Die Lieferung erfolgt durch zwei unserer Mitarbeiter bis zum gewünschten Platz (inkl. Verpackungsentsorgung).<br />Alle Artikel werden von uns auf ihre Qualität geprüft und sorgfältig verpackt.<br />Wir informieren dich 1-3 Tage vorab über den konkreten Liefertermin.<br />Du benötigst eine Lieferung ins Ausland? Komm gerne auf uns zu und wir machen dir ein Angebot.</p>
<p>• Über Revive<br />Mit unserer professionellen Aufbereitung schenken wir gebrauchten Designermöbeln ein neues Leben.<br />Unsere Produkte sind gegenüber dem Neupreis bereits stark reduziert – so erhältst du hochwertige Produkte zu einem unschlagbaren Preis. Zusätzlich spenden wir 10% unseres Gewinns an gemeinnützige Zwecke.</p>
<p>• Deine Vorteile im Überblick<br />&#8211; Mehr als 1000 sofort verfügbare Designermöbel<br />&#8211; Top Preise<br />&#8211; Nachhaltig<br />&#8211; 2-Mann-Lieferung ins Zimmer deiner Wahl<br />&#8211; Kostenlose Montage<br />&#8211; 30 Tage Rückgaberecht<br />&#8211; 1 Jahr Gewährleistung</p>
<p>• Showroom<br />Revive GmbH<br />Ottostr. 3<br />50859 Köln &#8211; Lövenich<br />Mo-Do: 13-18 Uhr, Fr-Sa: 10-18 Uhr</p>
<p>• Kundenservice<br />Du hast eine Frage? Gerne steht dir unser Team telefonisch und per E-Mail zur Seite.</p>
<p>Telefon: 0221 69 20 65 60<br />E-Mail: hier per Nachricht</p>
<p>• Häufig gestellte Fragen</p>
<p>&gt;&gt; Auf den Fotos kann ich keine Gebrauchsspuren erkennen. Was bedeutet das?<br />Bei all unseren Produkten sind mögliche Gebrauchsspuren eindeutig mit Detail-Fotos bebildert. Ist dies nicht der Fall, befindet sich der Artikel in einem sehr guten Zustand und weist keinerlei sichtbare Mängel auf.</p>
<p>&gt;&gt; Können die Produkte besichtigt werden?<br />Ja, alle angebotenen Artikel haben wir vorrätig, diese können gerne in unserem Showroom in Köln-Lövenich besichtigt werden.<br />Optional kannst du innerhalb unserer Öffnungszeiten (Mo-Do: 13-18 Uhr, Fr-Sa: 10-18 Uhr) einen persönlichen Termin auf revive.de/products/29710-c3 buchen.</p>
<p>Alternativ bieten wir dir die Möglichkeit einer Online Videobesichtigung via WhatsApp.<br />Auf jeder Produktseite auf revive.de kannst du deinen Termin buchen.<br />Wir gehen auf deine individuellen Wünsche ein und bieten dir eine persönliche</p>
</div>

<p>Revive GmbH | Gebrauchte Designermöbel • Aufbereitet • Nachhaltig • Sofort Verfügbar Verfügbar in: Köln &#8211; Lövenich Online bestellen: www.revive.de/products/29710-c3 Artikelnummer: #29710-c3 Brühl Moule: Der VerwandlungskünstlerDieses Sofa ist ei&#8230;</p>
