{"id":51489,"date":"2026-04-04T00:00:00","date_gmt":"2026-04-03T22:00:00","guid":{"rendered":"https:\/\/homeday.webpremiere.de\/index.php\/produkt\/produkt\/"},"modified":"2026-04-21T23:01:12","modified_gmt":"2026-04-21T21:01:12","slug":"baxter-leder-ecksofa-weiss-creme-sofa-couch","status":"publish","type":"product","link":"https:\/\/homeday.webpremiere.de\/index.php\/produkt\/baxter-leder-ecksofa-weiss-creme-sofa-couch\/","title":{"rendered":"Baxter Leder Ecksofa Wei\u00df Creme Sofa Couch"},"content":{"rendered":"<div>\n<p id=\"viewad-description-text\" class=\"ad-keydetails--ad-description\">Revive GmbH | Gebrauchte Designerm\u00f6bel \u2022 Aufbereitet \u2022 Nachhaltig \u2022 Sofort Verf\u00fcgbar<\/p>\n<p>Verf\u00fcgbar in: K\u00f6ln &#8211; L\u00f6venich<br \/>Online bestellen: www.revive.de\/products\/30550-c4<br \/>Artikelnummer: #30550-c4<\/p>\n<p>Mit diesem Baxter Ecksofa holst du dir ein echtes Statement-Piece ins Wohnzimmer, das durch sein helles, cremewei\u00dfes Leder eine unglaublich luxuri\u00f6se und gleichzeitig einladende Ruhe ausstrahlt. Uns begeistert an Baxter besonders diese kompromisslose Hingabe zum Material: Das Leder ist hier nicht einfach nur Bezug, sondern das zentrale Designelement, das durch die weiche, fast schon organische Polsterung perfekt zur Geltung kommt. Die gro\u00dfz\u00fcgige Eckl\u00f6sung bietet dir eine weitl\u00e4ufige Wohlf\u00fchllandschaft, die trotz ihrer Pr\u00e4senz durch den hellen Farbton angenehm leicht und frisch wirkt.Das Sitzerlebnis ist genau so, wie man es von der italienischen Edelschmiede Baxter erwartet \u2013 absolut tiefenentspannt. Die Polsterung ist herrlich soft und schmiegt sich deinem K\u00f6rper an, sodass du f\u00f6rmlich in den Feierabend eintauchen kannst. Die markante, bodentiefe Optik und die breiten Armlehnen unterstreichen den modernen Lounging-Charakter dieses Sofas. Es ist die ideale Wahl f\u00fcr alle, die Design auf h\u00f6chstem Niveau suchen und dabei keine Abstriche bei der Gem\u00fctlichkeit machen wollen. Ein Sofa, das im Raum eine absolut souver\u00e4ne und edle Figur macht.<\/p>\n<p>\u2022 Ma\u00dfe<br \/>Breite: 325cm<br \/>H\u00f6he: 75cm<br \/>Tiefe: 256cm<br \/>Sitzh\u00f6he: 40cm<br \/>Lehnenh\u00f6he: 58cm<br \/>Sitztiefe: 71-130-215cm<br \/>Sitzbreite: 300cm<br \/>R\u00fcckenlehnenh\u00f6he: 42cm<\/p>\n<p>\u2022 Artikelinformationen<br \/>Hersteller: Baxter<br \/>Modell:<br \/>Designer:<br \/>Farbe: Creme<br \/>Material: Leder<br \/>Produktart: Ecksofa<br \/>Nichtraucher-Haushalt: Ja<\/p>\n<p>\u2022 Lieferung bis in&#8217;s Wohnzimmer (bundesweit)<br \/>249 EUR<\/p>\n<p>Die Lieferung erfolgt durch zwei unserer Mitarbeiter bis zum gew\u00fcnschten Platz (inkl. Verpackungsentsorgung).<br \/>Alle Artikel werden von uns auf ihre Qualit\u00e4t gepr\u00fcft und sorgf\u00e4ltig verpackt.<br \/>Wir informieren dich 1-3 Tage vorab \u00fcber den konkreten Liefertermin.<br \/>Du ben\u00f6tigst eine Lieferung ins Ausland? Komm gerne auf uns zu und wir machen dir ein Angebot.<\/p>\n<p>\u2022 \u00dcber Revive<br \/>Mit unserer professionellen Aufbereitung schenken wir gebrauchten Designerm\u00f6beln ein neues Leben.<br \/>Unsere Produkte sind gegen\u00fcber dem Neupreis bereits stark reduziert \u2013 so erh\u00e4ltst du hochwertige Produkte zu einem unschlagbaren Preis. Zus\u00e4tzlich spenden wir 10% unseres Gewinns an gemeinn\u00fctzige Zwecke.<\/p>\n<p>\u2022 Deine Vorteile im \u00dcberblick<br \/>&#8211; Mehr als 1000 sofort verf\u00fcgbare Designerm\u00f6bel<br \/>&#8211; Top Preise<br \/>&#8211; Nachhaltig<br \/>&#8211; 2-Mann-Lieferung ins Zimmer deiner Wahl<br \/>&#8211; Kostenlose Montage<br \/>&#8211; 30 Tage R\u00fcckgaberecht<br \/>&#8211; 1 Jahr Gew\u00e4hrleistung<\/p>\n<p>\u2022 Showroom<br \/>Revive GmbH<br \/>Ottostr. 3<br \/>50859 K\u00f6ln &#8211; L\u00f6venich<br \/>Mo-Do: 13-18 Uhr, Fr-Sa: 10-18 Uhr<\/p>\n<p>\u2022 Kundenservice<br \/>Du hast eine Frage? Gerne steht dir unser Team telefonisch und per E-Mail zur Seite.<\/p>\n<p>Telefon: 0221 69 20 65 60<br \/>E-Mail: hier per Nachricht<\/p>\n<p>\u2022 H\u00e4ufig gestellte Fragen<\/p>\n<p>&gt;&gt; Auf den Fotos kann ich keine Gebrauchsspuren erkennen. Was bedeutet das?<br \/>Bei all unseren Produkten sind m\u00f6gliche Gebrauchsspuren eindeutig mit Detail-Fotos bebildert. Ist dies nicht der Fall, befindet sich der Artikel in einem sehr guten Zustand und weist keinerlei sichtbare M\u00e4ngel auf.<\/p>\n<p>&gt;&gt; K\u00f6nnen die Produkte besichtigt werden?<br \/>Ja, alle angebotenen Artikel haben wir vorr\u00e4tig, diese k\u00f6nnen gerne in unserem Showroom in K\u00f6ln-L\u00f6venich besichtigt werden.<br \/>Optional kannst du innerhalb unserer \u00d6ffnungszeiten (Mo-Do: 13-18 Uhr, Fr-Sa: 10-18 Uhr) einen pers\u00f6nlichen Termin auf revive.de\/products\/30550-c4 buchen.<\/p>\n<p>Alternativ bieten wir dir die M\u00f6glichkeit einer Online Videobesichtigung via WhatsApp.<br \/>Auf jeder Produktseite auf revive.de kannst du deinen Termin buchen.<br \/>Wir gehen auf deine individuellen W\u00fcnsche ein und bieten dir eine pers\u00f6nliche Beratung.<br \/>Die Produktseite f\u00fcr diese Anzeige findest du unter: revive.de\/products\/30550-c4&gt;&gt; Wie sind die Lieferzeiten?<br \/>1-21 Tage deutschlandweit<br \/>Weltweit auf Anfrage<\/p>\n<p>(Bei Insellieferungen entstehen in der Regel Extrakosten)<\/p>\n<p>Wenn du eine spezielle Anfrage hast, wie z.B. ein enges Treppenhaus oder eine<\/p>\n<\/div>\n","protected":false},"excerpt":{"rendered":"<p>Revive GmbH | Gebrauchte Designerm\u00f6bel \u2022 Aufbereitet \u2022 Nachhaltig \u2022 Sofort Verf\u00fcgbar Verf\u00fcgbar in: K\u00f6ln &#8211; L\u00f6venich Online bestellen: www.revive.de\/products\/30550-c4 Artikelnummer: #30550-c4 Mit diesem Baxter Ecksofa holst du dir ein echtes State&#8230;<\/p>\n","protected":false},"featured_media":58500,"template":"","meta":[],"product_label":[],"product_brand":[],"product_cat":[15],"product_tag":[],"class_list":{"0":"post-51489","1":"product","2":"type-product","3":"status-publish","4":"has-post-thumbnail","6":"product_cat-unkategorisiert","8":"first","9":"instock","10":"shipping-taxable","11":"purchasable","12":"product-type-kleinanzeige"},"_links":{"self":[{"href":"https:\/\/homeday.webpremiere.de\/index.php\/wp-json\/wp\/v2\/product\/51489","targetHints":{"allow":["GET"]}}],"collection":[{"href":"https:\/\/homeday.webpremiere.de\/index.php\/wp-json\/wp\/v2\/product"}],"about":[{"href":"https:\/\/homeday.webpremiere.de\/index.php\/wp-json\/wp\/v2\/types\/product"}],"wp:featuredmedia":[{"embeddable":true,"href":"https:\/\/homeday.webpremiere.de\/index.php\/wp-json\/wp\/v2\/media\/58500"}],"wp:attachment":[{"href":"https:\/\/homeday.webpremiere.de\/index.php\/wp-json\/wp\/v2\/media?parent=51489"}],"wp:term":[{"taxonomy":"product_label","embeddable":true,"href":"https:\/\/homeday.webpremiere.de\/index.php\/wp-json\/wp\/v2\/product_label?post=51489"},{"taxonomy":"product_brand","embeddable":true,"href":"https:\/\/homeday.webpremiere.de\/index.php\/wp-json\/wp\/v2\/product_brand?post=51489"},{"taxonomy":"product_cat","embeddable":true,"href":"https:\/\/homeday.webpremiere.de\/index.php\/wp-json\/wp\/v2\/product_cat?post=51489"},{"taxonomy":"product_tag","embeddable":true,"href":"https:\/\/homeday.webpremiere.de\/index.php\/wp-json\/wp\/v2\/product_tag?post=51489"}],"curies":[{"name":"wp","href":"https:\/\/api.w.org\/{rel}","templated":true}]}}

Baxter Leder Ecksofa Weiß Creme Sofa Couch

<div>
<p id="viewad-description-text" class="ad-keydetails--ad-description">Revive GmbH | Gebrauchte Designermöbel • Aufbereitet • Nachhaltig • Sofort Verfügbar</p>
<p>Verfügbar in: Köln &#8211; Lövenich<br />Online bestellen: www.revive.de/products/30550-c4<br />Artikelnummer: #30550-c4</p>
<p>Mit diesem Baxter Ecksofa holst du dir ein echtes Statement-Piece ins Wohnzimmer, das durch sein helles, cremeweißes Leder eine unglaublich luxuriöse und gleichzeitig einladende Ruhe ausstrahlt. Uns begeistert an Baxter besonders diese kompromisslose Hingabe zum Material: Das Leder ist hier nicht einfach nur Bezug, sondern das zentrale Designelement, das durch die weiche, fast schon organische Polsterung perfekt zur Geltung kommt. Die großzügige Ecklösung bietet dir eine weitläufige Wohlfühllandschaft, die trotz ihrer Präsenz durch den hellen Farbton angenehm leicht und frisch wirkt.Das Sitzerlebnis ist genau so, wie man es von der italienischen Edelschmiede Baxter erwartet – absolut tiefenentspannt. Die Polsterung ist herrlich soft und schmiegt sich deinem Körper an, sodass du förmlich in den Feierabend eintauchen kannst. Die markante, bodentiefe Optik und die breiten Armlehnen unterstreichen den modernen Lounging-Charakter dieses Sofas. Es ist die ideale Wahl für alle, die Design auf höchstem Niveau suchen und dabei keine Abstriche bei der Gemütlichkeit machen wollen. Ein Sofa, das im Raum eine absolut souveräne und edle Figur macht.</p>
<p>• Maße<br />Breite: 325cm<br />Höhe: 75cm<br />Tiefe: 256cm<br />Sitzhöhe: 40cm<br />Lehnenhöhe: 58cm<br />Sitztiefe: 71-130-215cm<br />Sitzbreite: 300cm<br />Rückenlehnenhöhe: 42cm</p>
<p>• Artikelinformationen<br />Hersteller: Baxter<br />Modell:<br />Designer:<br />Farbe: Creme<br />Material: Leder<br />Produktart: Ecksofa<br />Nichtraucher-Haushalt: Ja</p>
<p>• Lieferung bis in&#8217;s Wohnzimmer (bundesweit)<br />249 EUR</p>
<p>Die Lieferung erfolgt durch zwei unserer Mitarbeiter bis zum gewünschten Platz (inkl. Verpackungsentsorgung).<br />Alle Artikel werden von uns auf ihre Qualität geprüft und sorgfältig verpackt.<br />Wir informieren dich 1-3 Tage vorab über den konkreten Liefertermin.<br />Du benötigst eine Lieferung ins Ausland? Komm gerne auf uns zu und wir machen dir ein Angebot.</p>
<p>• Über Revive<br />Mit unserer professionellen Aufbereitung schenken wir gebrauchten Designermöbeln ein neues Leben.<br />Unsere Produkte sind gegenüber dem Neupreis bereits stark reduziert – so erhältst du hochwertige Produkte zu einem unschlagbaren Preis. Zusätzlich spenden wir 10% unseres Gewinns an gemeinnützige Zwecke.</p>
<p>• Deine Vorteile im Überblick<br />&#8211; Mehr als 1000 sofort verfügbare Designermöbel<br />&#8211; Top Preise<br />&#8211; Nachhaltig<br />&#8211; 2-Mann-Lieferung ins Zimmer deiner Wahl<br />&#8211; Kostenlose Montage<br />&#8211; 30 Tage Rückgaberecht<br />&#8211; 1 Jahr Gewährleistung</p>
<p>• Showroom<br />Revive GmbH<br />Ottostr. 3<br />50859 Köln &#8211; Lövenich<br />Mo-Do: 13-18 Uhr, Fr-Sa: 10-18 Uhr</p>
<p>• Kundenservice<br />Du hast eine Frage? Gerne steht dir unser Team telefonisch und per E-Mail zur Seite.</p>
<p>Telefon: 0221 69 20 65 60<br />E-Mail: hier per Nachricht</p>
<p>• Häufig gestellte Fragen</p>
<p>&gt;&gt; Auf den Fotos kann ich keine Gebrauchsspuren erkennen. Was bedeutet das?<br />Bei all unseren Produkten sind mögliche Gebrauchsspuren eindeutig mit Detail-Fotos bebildert. Ist dies nicht der Fall, befindet sich der Artikel in einem sehr guten Zustand und weist keinerlei sichtbare Mängel auf.</p>
<p>&gt;&gt; Können die Produkte besichtigt werden?<br />Ja, alle angebotenen Artikel haben wir vorrätig, diese können gerne in unserem Showroom in Köln-Lövenich besichtigt werden.<br />Optional kannst du innerhalb unserer Öffnungszeiten (Mo-Do: 13-18 Uhr, Fr-Sa: 10-18 Uhr) einen persönlichen Termin auf revive.de/products/30550-c4 buchen.</p>
<p>Alternativ bieten wir dir die Möglichkeit einer Online Videobesichtigung via WhatsApp.<br />Auf jeder Produktseite auf revive.de kannst du deinen Termin buchen.<br />Wir gehen auf deine individuellen Wünsche ein und bieten dir eine persönliche Beratung.<br />Die Produktseite für diese Anzeige findest du unter: revive.de/products/30550-c4&gt;&gt; Wie sind die Lieferzeiten?<br />1-21 Tage deutschlandweit<br />Weltweit auf Anfrage</p>
<p>(Bei Insellieferungen entstehen in der Regel Extrakosten)</p>
<p>Wenn du eine spezielle Anfrage hast, wie z.B. ein enges Treppenhaus oder eine</p>
</div>

<p>Revive GmbH | Gebrauchte Designermöbel • Aufbereitet • Nachhaltig • Sofort Verfügbar Verfügbar in: Köln &#8211; Lövenich Online bestellen: www.revive.de/products/30550-c4 Artikelnummer: #30550-c4 Mit diesem Baxter Ecksofa holst du dir ein echtes State&#8230;</p>
