{"id":51728,"date":"2026-04-04T00:00:00","date_gmt":"2026-04-03T22:00:00","guid":{"rendered":"https:\/\/homeday.webpremiere.de\/index.php\/produkt\/produkt\/"},"modified":"2026-04-21T23:11:42","modified_gmt":"2026-04-21T21:11:42","slug":"schramm-gala28-holz-bett-weiss-schlafzimmer-120-x-210-cm","status":"publish","type":"product","link":"https:\/\/homeday.webpremiere.de\/index.php\/produkt\/schramm-gala28-holz-bett-weiss-schlafzimmer-120-x-210-cm\/","title":{"rendered":"Schramm Gala28 Holz Bett Wei\u00df Schlafzimmer 120 x 210 cm"},"content":{"rendered":"<div>\n<p id=\"viewad-description-text\" class=\"ad-keydetails--ad-description\">Revive GmbH | Gebrauchte Designerm\u00f6bel \u2022 Aufbereitet \u2022 Nachhaltig \u2022 Sofort Verf\u00fcgbar<\/p>\n<p>Verf\u00fcgbar in: K\u00f6ln &#8211; L\u00f6venich<br \/>Online bestellen: www.revive.de\/products\/30252-c4<br \/>Artikelnummer: #30252-c4<\/p>\n<p>Das Schramm Gala Bett ist der Inbegriff f\u00fcr ma\u00dfgeschneiderte Schlafkultur &#8222;Handmade in Germany&#8220;. In der Ausf\u00fchrung als massives Holzbett in zeitlosem Wei\u00df strahlt es eine beruhigende Klarheit aus, die dein Schlafzimmer in eine wahre Wohlf\u00fchloase verwandelt. Mit dem Sonderma\u00df von 120 x 210 cm bietet es zudem luxuri\u00f6se Beinfreiheit und extra viel Platz f\u00fcr Individualisten.Schramm ist weltbekannt f\u00fcr sein Zwei-Matratzen-System, und das Gala-Modell bildet hierf\u00fcr den perfekten Rahmen. Die handwerkliche Pr\u00e4zision zeigt sich in der makellosen Lackierung und der stabilen Konstruktion, die darauf ausgelegt ist, \u00fcber Generationen hinweg h\u00f6chsten Schlafkomfort zu bieten.Das Besondere an diesem Bett ist die integrierte elektrische Funktion des Unterbaus. \u00dcber eine Fernbedienung lassen sich Kopf- und Fu\u00dfteil stufenlos und unabh\u00e4ngig voneinander verstellen. Ob du zum Lesen eine aufrechte Position bevorzugst oder zur Entspannung der Wirbels\u00e4ule die Beine hochlegen m\u00f6chtest \u2013 die Mechanik arbeitet fl\u00fcsterleise und sorgt f\u00fcr eine ergonomisch perfekte Lagerung in jeder Situation.<\/p>\n<p>\u2022 Ma\u00dfe<br \/>Breite: 125cm<br \/>H\u00f6he: 90cm<br \/>Tiefe: 217cm<br \/>Sitzh\u00f6he: 43cm<br \/>Lehnenh\u00f6he: 43cm<br \/>Sitztiefe: 202cm<br \/>Sitzbreite: 116cm<br \/>R\u00fcckenlehnenh\u00f6he: 57cm<\/p>\n<p>\u2022 Artikelinformationen<br \/>Hersteller: Schramm<br \/>Modell: Gala28<br \/>Designer:<br \/>Farbe: Wei\u00df<br \/>Material: Holz<br \/>Produktart: Bett<br \/>Nichtraucher-Haushalt: Ja<\/p>\n<p>\u2022 Lieferung bis in&#8217;s Wohnzimmer (bundesweit)<br \/>149 EUR<\/p>\n<p>Die Lieferung erfolgt durch zwei unserer Mitarbeiter bis zum gew\u00fcnschten Platz (inkl. Verpackungsentsorgung).<br \/>Alle Artikel werden von uns auf ihre Qualit\u00e4t gepr\u00fcft und sorgf\u00e4ltig verpackt.<br \/>Wir informieren dich 1-3 Tage vorab \u00fcber den konkreten Liefertermin.<br \/>Du ben\u00f6tigst eine Lieferung ins Ausland? Komm gerne auf uns zu und wir machen dir ein Angebot.<\/p>\n<p>\u2022 \u00dcber Revive<br \/>Mit unserer professionellen Aufbereitung schenken wir gebrauchten Designerm\u00f6beln ein neues Leben.<br \/>Unsere Produkte sind gegen\u00fcber dem Neupreis bereits stark reduziert \u2013 so erh\u00e4ltst du hochwertige Produkte zu einem unschlagbaren Preis. Zus\u00e4tzlich spenden wir 10% unseres Gewinns an gemeinn\u00fctzige Zwecke.<\/p>\n<p>\u2022 Deine Vorteile im \u00dcberblick<br \/>&#8211; Mehr als 1000 sofort verf\u00fcgbare Designerm\u00f6bel<br \/>&#8211; Top Preise<br \/>&#8211; Nachhaltig<br \/>&#8211; 2-Mann-Lieferung ins Zimmer deiner Wahl<br \/>&#8211; Kostenlose Montage<br \/>&#8211; 30 Tage R\u00fcckgaberecht<br \/>&#8211; 1 Jahr Gew\u00e4hrleistung<\/p>\n<p>\u2022 Showroom<br \/>Revive GmbH<br \/>Ottostr. 3<br \/>50859 K\u00f6ln &#8211; L\u00f6venich<br \/>Mo-Do: 13-18 Uhr, Fr-Sa: 10-18 Uhr<\/p>\n<p>\u2022 Kundenservice<br \/>Du hast eine Frage? Gerne steht dir unser Team telefonisch und per E-Mail zur Seite.<\/p>\n<p>Telefon: 0221 69 20 65 60<br \/>E-Mail: hier per Nachricht<\/p>\n<p>\u2022 H\u00e4ufig gestellte Fragen<\/p>\n<p>&gt;&gt; Auf den Fotos kann ich keine Gebrauchsspuren erkennen. Was bedeutet das?<br \/>Bei all unseren Produkten sind m\u00f6gliche Gebrauchsspuren eindeutig mit Detail-Fotos bebildert. Ist dies nicht der Fall, befindet sich der Artikel in einem sehr guten Zustand und weist keinerlei sichtbare M\u00e4ngel auf.<\/p>\n<p>&gt;&gt; K\u00f6nnen die Produkte besichtigt werden?<br \/>Ja, alle angebotenen Artikel haben wir vorr\u00e4tig, diese k\u00f6nnen gerne in unserem Showroom in K\u00f6ln-L\u00f6venich besichtigt werden.<br \/>Optional kannst du innerhalb unserer \u00d6ffnungszeiten (Mo-Do: 13-18 Uhr, Fr-Sa: 10-18 Uhr) einen pers\u00f6nlichen Termin auf revive.de\/products\/30252-c4 buchen.<\/p>\n<p>Alternativ bieten wir dir die M\u00f6glichkeit einer Online Videobesichtigung via WhatsApp.<br \/>Auf jeder Produktseite auf revive.de kannst du deinen Termin buchen.<br \/>Wir gehen auf deine individuellen W\u00fcnsche ein und bieten dir eine pers\u00f6nliche Beratung.<br \/>Die Produktseite f\u00fcr diese Anzeige findest du unter: revive.de\/products\/30252-c4<\/p>\n<p>&gt;&gt; Ist der Preis verhandelbar?<br \/>Nein, denn unsere Produkte sind gegen\u00fcber dem Neupreis bereits stark reduziert \u2013 so erh\u00e4ltst du hochwertige Produkte zu einem unschlagbaren Preis.<br \/>M\u00f6gliche Gebrauchsspuren sind bereits mit einberechnet.<br \/>Alle unsere Preise werden von unseren Experten mit<\/p>\n<\/div>\n","protected":false},"excerpt":{"rendered":"<p>Revive GmbH | Gebrauchte Designerm\u00f6bel \u2022 Aufbereitet \u2022 Nachhaltig \u2022 Sofort Verf\u00fcgbar Verf\u00fcgbar in: K\u00f6ln &#8211; L\u00f6venich Online bestellen: www.revive.de\/products\/30252-c4 Artikelnummer: #30252-c4 Das Schramm Gala Bett ist der Inbegriff f\u00fcr ma\u00dfgeschnei&#8230;<\/p>\n","protected":false},"featured_media":59639,"template":"","meta":[],"product_label":[],"product_brand":[],"product_cat":[15],"product_tag":[],"class_list":{"0":"post-51728","1":"product","2":"type-product","3":"status-publish","4":"has-post-thumbnail","6":"product_cat-unkategorisiert","8":"first","9":"instock","10":"shipping-taxable","11":"purchasable","12":"product-type-kleinanzeige"},"_links":{"self":[{"href":"https:\/\/homeday.webpremiere.de\/index.php\/wp-json\/wp\/v2\/product\/51728","targetHints":{"allow":["GET"]}}],"collection":[{"href":"https:\/\/homeday.webpremiere.de\/index.php\/wp-json\/wp\/v2\/product"}],"about":[{"href":"https:\/\/homeday.webpremiere.de\/index.php\/wp-json\/wp\/v2\/types\/product"}],"wp:featuredmedia":[{"embeddable":true,"href":"https:\/\/homeday.webpremiere.de\/index.php\/wp-json\/wp\/v2\/media\/59639"}],"wp:attachment":[{"href":"https:\/\/homeday.webpremiere.de\/index.php\/wp-json\/wp\/v2\/media?parent=51728"}],"wp:term":[{"taxonomy":"product_label","embeddable":true,"href":"https:\/\/homeday.webpremiere.de\/index.php\/wp-json\/wp\/v2\/product_label?post=51728"},{"taxonomy":"product_brand","embeddable":true,"href":"https:\/\/homeday.webpremiere.de\/index.php\/wp-json\/wp\/v2\/product_brand?post=51728"},{"taxonomy":"product_cat","embeddable":true,"href":"https:\/\/homeday.webpremiere.de\/index.php\/wp-json\/wp\/v2\/product_cat?post=51728"},{"taxonomy":"product_tag","embeddable":true,"href":"https:\/\/homeday.webpremiere.de\/index.php\/wp-json\/wp\/v2\/product_tag?post=51728"}],"curies":[{"name":"wp","href":"https:\/\/api.w.org\/{rel}","templated":true}]}}

Schramm Gala28 Holz Bett Weiß Schlafzimmer 120 x 210 cm

<div>
<p id="viewad-description-text" class="ad-keydetails--ad-description">Revive GmbH | Gebrauchte Designermöbel • Aufbereitet • Nachhaltig • Sofort Verfügbar</p>
<p>Verfügbar in: Köln &#8211; Lövenich<br />Online bestellen: www.revive.de/products/30252-c4<br />Artikelnummer: #30252-c4</p>
<p>Das Schramm Gala Bett ist der Inbegriff für maßgeschneiderte Schlafkultur &#8222;Handmade in Germany&#8220;. In der Ausführung als massives Holzbett in zeitlosem Weiß strahlt es eine beruhigende Klarheit aus, die dein Schlafzimmer in eine wahre Wohlfühloase verwandelt. Mit dem Sondermaß von 120 x 210 cm bietet es zudem luxuriöse Beinfreiheit und extra viel Platz für Individualisten.Schramm ist weltbekannt für sein Zwei-Matratzen-System, und das Gala-Modell bildet hierfür den perfekten Rahmen. Die handwerkliche Präzision zeigt sich in der makellosen Lackierung und der stabilen Konstruktion, die darauf ausgelegt ist, über Generationen hinweg höchsten Schlafkomfort zu bieten.Das Besondere an diesem Bett ist die integrierte elektrische Funktion des Unterbaus. Über eine Fernbedienung lassen sich Kopf- und Fußteil stufenlos und unabhängig voneinander verstellen. Ob du zum Lesen eine aufrechte Position bevorzugst oder zur Entspannung der Wirbelsäule die Beine hochlegen möchtest – die Mechanik arbeitet flüsterleise und sorgt für eine ergonomisch perfekte Lagerung in jeder Situation.</p>
<p>• Maße<br />Breite: 125cm<br />Höhe: 90cm<br />Tiefe: 217cm<br />Sitzhöhe: 43cm<br />Lehnenhöhe: 43cm<br />Sitztiefe: 202cm<br />Sitzbreite: 116cm<br />Rückenlehnenhöhe: 57cm</p>
<p>• Artikelinformationen<br />Hersteller: Schramm<br />Modell: Gala28<br />Designer:<br />Farbe: Weiß<br />Material: Holz<br />Produktart: Bett<br />Nichtraucher-Haushalt: Ja</p>
<p>• Lieferung bis in&#8217;s Wohnzimmer (bundesweit)<br />149 EUR</p>
<p>Die Lieferung erfolgt durch zwei unserer Mitarbeiter bis zum gewünschten Platz (inkl. Verpackungsentsorgung).<br />Alle Artikel werden von uns auf ihre Qualität geprüft und sorgfältig verpackt.<br />Wir informieren dich 1-3 Tage vorab über den konkreten Liefertermin.<br />Du benötigst eine Lieferung ins Ausland? Komm gerne auf uns zu und wir machen dir ein Angebot.</p>
<p>• Über Revive<br />Mit unserer professionellen Aufbereitung schenken wir gebrauchten Designermöbeln ein neues Leben.<br />Unsere Produkte sind gegenüber dem Neupreis bereits stark reduziert – so erhältst du hochwertige Produkte zu einem unschlagbaren Preis. Zusätzlich spenden wir 10% unseres Gewinns an gemeinnützige Zwecke.</p>
<p>• Deine Vorteile im Überblick<br />&#8211; Mehr als 1000 sofort verfügbare Designermöbel<br />&#8211; Top Preise<br />&#8211; Nachhaltig<br />&#8211; 2-Mann-Lieferung ins Zimmer deiner Wahl<br />&#8211; Kostenlose Montage<br />&#8211; 30 Tage Rückgaberecht<br />&#8211; 1 Jahr Gewährleistung</p>
<p>• Showroom<br />Revive GmbH<br />Ottostr. 3<br />50859 Köln &#8211; Lövenich<br />Mo-Do: 13-18 Uhr, Fr-Sa: 10-18 Uhr</p>
<p>• Kundenservice<br />Du hast eine Frage? Gerne steht dir unser Team telefonisch und per E-Mail zur Seite.</p>
<p>Telefon: 0221 69 20 65 60<br />E-Mail: hier per Nachricht</p>
<p>• Häufig gestellte Fragen</p>
<p>&gt;&gt; Auf den Fotos kann ich keine Gebrauchsspuren erkennen. Was bedeutet das?<br />Bei all unseren Produkten sind mögliche Gebrauchsspuren eindeutig mit Detail-Fotos bebildert. Ist dies nicht der Fall, befindet sich der Artikel in einem sehr guten Zustand und weist keinerlei sichtbare Mängel auf.</p>
<p>&gt;&gt; Können die Produkte besichtigt werden?<br />Ja, alle angebotenen Artikel haben wir vorrätig, diese können gerne in unserem Showroom in Köln-Lövenich besichtigt werden.<br />Optional kannst du innerhalb unserer Öffnungszeiten (Mo-Do: 13-18 Uhr, Fr-Sa: 10-18 Uhr) einen persönlichen Termin auf revive.de/products/30252-c4 buchen.</p>
<p>Alternativ bieten wir dir die Möglichkeit einer Online Videobesichtigung via WhatsApp.<br />Auf jeder Produktseite auf revive.de kannst du deinen Termin buchen.<br />Wir gehen auf deine individuellen Wünsche ein und bieten dir eine persönliche Beratung.<br />Die Produktseite für diese Anzeige findest du unter: revive.de/products/30252-c4</p>
<p>&gt;&gt; Ist der Preis verhandelbar?<br />Nein, denn unsere Produkte sind gegenüber dem Neupreis bereits stark reduziert – so erhältst du hochwertige Produkte zu einem unschlagbaren Preis.<br />Mögliche Gebrauchsspuren sind bereits mit einberechnet.<br />Alle unsere Preise werden von unseren Experten mit</p>
</div>

<p>Revive GmbH | Gebrauchte Designermöbel • Aufbereitet • Nachhaltig • Sofort Verfügbar Verfügbar in: Köln &#8211; Lövenich Online bestellen: www.revive.de/products/30252-c4 Artikelnummer: #30252-c4 Das Schramm Gala Bett ist der Inbegriff für maßgeschnei&#8230;</p>
