{"id":51855,"date":"2026-04-03T00:00:00","date_gmt":"2026-04-02T22:00:00","guid":{"rendered":"https:\/\/homeday.webpremiere.de\/index.php\/produkt\/produkt\/"},"modified":"2026-04-21T23:16:24","modified_gmt":"2026-04-21T21:16:24","slug":"varier-variable-kniestuhl-holz-esche-hocker-natur-stoff-grau","status":"publish","type":"product","link":"https:\/\/homeday.webpremiere.de\/index.php\/produkt\/varier-variable-kniestuhl-holz-esche-hocker-natur-stoff-grau\/","title":{"rendered":"Varier Variable Kniestuhl Holz Esche Hocker Natur Stoff Grau"},"content":{"rendered":"<div>\n<p id=\"viewad-description-text\" class=\"ad-keydetails--ad-description\">Revive GmbH | Gebrauchte Designerm\u00f6bel \u2022 Aufbereitet \u2022 Nachhaltig \u2022 Sofort Verf\u00fcgbar<\/p>\n<p>Verf\u00fcgbar in: K\u00f6ln &#8211; L\u00f6venich<br \/>Online bestellen: www.revive.de\/products\/30583-c5<br \/>Artikelnummer: #30583-c5<\/p>\n<p>Mit dem \u201eVariable\u201c von Varier (ehemals Stokke) holst du dir den absoluten Klassiker des ergonomischen Sitzens in dein Zuhause. Dieser Kniestuhl ist eine Ikone des skandinavischen Designs und wurde entworfen, um Bewegung und gesundes Sitzen zu f\u00f6rdern.Die Kombination der Materialien wirkt hier besonders frisch und freundlich: Das Gestell besteht aus hellem Eschenholz in Natur, dessen sanfte Maserung sch\u00f6n sichtbar ist und W\u00e4rme ausstrahlt. Kontrastiert wird das helle Holz von Polstern in einem dunklen Grau (Revive 164). Das geniale Konstruktionsprinzip mit den gebogenen Kufen erlaubt sanfte Schaukelbewegungen, w\u00e4hrend die Schienbeinpolster verhindern, dass du nach vorne rutschst. Durch den offenen Sitzwinkel richtet sich deine Wirbels\u00e4ule fast automatisch auf, was den R\u00fccken entlastet und die Atmung vertieft. Ein M\u00f6belst\u00fcck, das nicht nur gut aussieht, sondern dir aktiv guttut.<\/p>\n<p>\u2022 Ma\u00dfe<br \/>Breite: 48cm<br \/>H\u00f6he: 52cm<br \/>Tiefe: 72cm<br \/>Sitzh\u00f6he: \/cm<br \/>Lehnenh\u00f6he: \/cm<br \/>Sitztiefe: \/cm<br \/>Sitzbreite: \/cm<br \/>R\u00fcckenlehnenh\u00f6he: \/cm<\/p>\n<p>\u2022 Artikelinformationen<br \/>Hersteller: Varier<br \/>Modell: Variable<br \/>Designer: Peter Opsvik<br \/>Farbe: Grau<br \/>Material: Holz<br \/>Produktart: Hocker<br \/>Nichtraucher-Haushalt: Ja<\/p>\n<p>\u2022 Paketversand<br \/>49 EUR<\/p>\n<p>Der Artikel wird per Paket an dich verschickt.<br \/>Alle Artikel werden von uns auf ihre Qualit\u00e4t gepr\u00fcft und sorgf\u00e4ltig verpackt.<br \/>Du ben\u00f6tigst eine Lieferung ins Ausland? Komm gerne auf uns zu und wir machen dir ein Angebot.<\/p>\n<p>\u2022 \u00dcber Revive<br \/>Mit unserer professionellen Aufbereitung schenken wir gebrauchten Designerm\u00f6beln ein neues Leben.<br \/>Unsere Produkte sind gegen\u00fcber dem Neupreis bereits stark reduziert \u2013 so erh\u00e4ltst du hochwertige Produkte zu einem unschlagbaren Preis. Zus\u00e4tzlich spenden wir 10% unseres Gewinns an gemeinn\u00fctzige Zwecke.<\/p>\n<p>\u2022 Deine Vorteile im \u00dcberblick<br \/>&#8211; Mehr als 1000 sofort verf\u00fcgbare Designerm\u00f6bel<br \/>&#8211; Top Preise<br \/>&#8211; Nachhaltig<br \/>&#8211; 2-Mann-Lieferung ins Zimmer deiner Wahl<br \/>&#8211; Kostenlose Montage<br \/>&#8211; 30 Tage R\u00fcckgaberecht<br \/>&#8211; 1 Jahr Gew\u00e4hrleistung<\/p>\n<p>\u2022 Showroom<br \/>Revive GmbH<br \/>Ottostr. 3<br \/>50859 K\u00f6ln &#8211; L\u00f6venich<br \/>Mo-Do: 13-18 Uhr, Fr-Sa: 10-18 Uhr<\/p>\n<p>\u2022 Kundenservice<br \/>Du hast eine Frage? Gerne steht dir unser Team telefonisch und per E-Mail zur Seite.<\/p>\n<p>Telefon: 0221 69 20 65 60<br \/>E-Mail: hier per Nachricht<\/p>\n<p>\u2022 H\u00e4ufig gestellte Fragen<\/p>\n<p>&gt;&gt; Auf den Fotos kann ich keine Gebrauchsspuren erkennen. Was bedeutet das?<br \/>Bei all unseren Produkten sind m\u00f6gliche Gebrauchsspuren eindeutig mit Detail-Fotos bebildert. Ist dies nicht der Fall, befindet sich der Artikel in einem sehr guten Zustand und weist keinerlei sichtbare M\u00e4ngel auf.<\/p>\n<p>&gt;&gt; K\u00f6nnen die Produkte besichtigt werden?<br \/>Ja, alle angebotenen Artikel haben wir vorr\u00e4tig, diese k\u00f6nnen gerne in unserem Showroom in K\u00f6ln-L\u00f6venich besichtigt werden.<br \/>Optional kannst du innerhalb unserer \u00d6ffnungszeiten (Mo-Do: 13-18 Uhr, Fr-Sa: 10-18 Uhr) einen pers\u00f6nlichen Termin auf revive.de\/products\/30583-c5 buchen.<\/p>\n<p>Alternativ bieten wir dir die M\u00f6glichkeit einer Online Videobesichtigung via WhatsApp.<br \/>Auf jeder Produktseite auf revive.de kannst du deinen Termin buchen.<br \/>Wir gehen auf deine individuellen W\u00fcnsche ein und bieten dir eine pers\u00f6nliche Beratung.<br \/>Die Produktseite f\u00fcr diese Anzeige findest du unter: revive.de\/products\/30583-c5<\/p>\n<p>&gt;&gt; Ist der Preis verhandelbar?<br \/>Nein, denn unsere Produkte sind gegen\u00fcber dem Neupreis bereits stark reduziert \u2013 so erh\u00e4ltst du hochwertige Produkte zu einem unschlagbaren Preis.<br \/>M\u00f6gliche Gebrauchsspuren sind bereits mit einberechnet.<br \/>Alle unsere Preise werden von unseren Experten mit gro\u00dfer Sorgfalt gepr\u00fcft. Mittels Hersteller und Modell ist der Neupreis f\u00fcr dich jederzeit nachvollziehbar.<\/p>\n<p>&gt;&gt; Wie sind die Lieferzeiten?<br \/>1-21 Tage deutschlandweit<br \/>Weltweit auf Anfrage<\/p>\n<p>(Bei Insellieferungen entstehen in der Regel Extrakosten)<\/p>\n<p>Wenn du eine spezielle Anfrage hast, wie z.B. ein enges Treppenhaus oder eine Zustellung per Au\u00dfenlift,<\/p>\n<\/div>\n","protected":false},"excerpt":{"rendered":"<p>Revive GmbH | Gebrauchte Designerm\u00f6bel \u2022 Aufbereitet \u2022 Nachhaltig \u2022 Sofort Verf\u00fcgbar Verf\u00fcgbar in: K\u00f6ln &#8211; L\u00f6venich Online bestellen: www.revive.de\/products\/30583-c5 Artikelnummer: #30583-c5 Mit dem \u201eVariable\u201c von Varier (ehemals Stokke) holst du&#8230;<\/p>\n","protected":false},"featured_media":60108,"template":"","meta":[],"product_label":[],"product_brand":[],"product_cat":[15],"product_tag":[],"class_list":{"0":"post-51855","1":"product","2":"type-product","3":"status-publish","4":"has-post-thumbnail","6":"product_cat-unkategorisiert","8":"first","9":"instock","10":"shipping-taxable","11":"purchasable","12":"product-type-kleinanzeige"},"_links":{"self":[{"href":"https:\/\/homeday.webpremiere.de\/index.php\/wp-json\/wp\/v2\/product\/51855","targetHints":{"allow":["GET"]}}],"collection":[{"href":"https:\/\/homeday.webpremiere.de\/index.php\/wp-json\/wp\/v2\/product"}],"about":[{"href":"https:\/\/homeday.webpremiere.de\/index.php\/wp-json\/wp\/v2\/types\/product"}],"wp:featuredmedia":[{"embeddable":true,"href":"https:\/\/homeday.webpremiere.de\/index.php\/wp-json\/wp\/v2\/media\/60108"}],"wp:attachment":[{"href":"https:\/\/homeday.webpremiere.de\/index.php\/wp-json\/wp\/v2\/media?parent=51855"}],"wp:term":[{"taxonomy":"product_label","embeddable":true,"href":"https:\/\/homeday.webpremiere.de\/index.php\/wp-json\/wp\/v2\/product_label?post=51855"},{"taxonomy":"product_brand","embeddable":true,"href":"https:\/\/homeday.webpremiere.de\/index.php\/wp-json\/wp\/v2\/product_brand?post=51855"},{"taxonomy":"product_cat","embeddable":true,"href":"https:\/\/homeday.webpremiere.de\/index.php\/wp-json\/wp\/v2\/product_cat?post=51855"},{"taxonomy":"product_tag","embeddable":true,"href":"https:\/\/homeday.webpremiere.de\/index.php\/wp-json\/wp\/v2\/product_tag?post=51855"}],"curies":[{"name":"wp","href":"https:\/\/api.w.org\/{rel}","templated":true}]}}

<div>
<p id="viewad-description-text" class="ad-keydetails--ad-description">Revive GmbH | Gebrauchte Designermöbel • Aufbereitet • Nachhaltig • Sofort Verfügbar</p>
<p>Verfügbar in: Köln &#8211; Lövenich<br />Online bestellen: www.revive.de/products/30583-c5<br />Artikelnummer: #30583-c5</p>
<p>Mit dem „Variable“ von Varier (ehemals Stokke) holst du dir den absoluten Klassiker des ergonomischen Sitzens in dein Zuhause. Dieser Kniestuhl ist eine Ikone des skandinavischen Designs und wurde entworfen, um Bewegung und gesundes Sitzen zu fördern.Die Kombination der Materialien wirkt hier besonders frisch und freundlich: Das Gestell besteht aus hellem Eschenholz in Natur, dessen sanfte Maserung schön sichtbar ist und Wärme ausstrahlt. Kontrastiert wird das helle Holz von Polstern in einem dunklen Grau (Revive 164). Das geniale Konstruktionsprinzip mit den gebogenen Kufen erlaubt sanfte Schaukelbewegungen, während die Schienbeinpolster verhindern, dass du nach vorne rutschst. Durch den offenen Sitzwinkel richtet sich deine Wirbelsäule fast automatisch auf, was den Rücken entlastet und die Atmung vertieft. Ein Möbelstück, das nicht nur gut aussieht, sondern dir aktiv guttut.</p>
<p>• Maße<br />Breite: 48cm<br />Höhe: 52cm<br />Tiefe: 72cm<br />Sitzhöhe: /cm<br />Lehnenhöhe: /cm<br />Sitztiefe: /cm<br />Sitzbreite: /cm<br />Rückenlehnenhöhe: /cm</p>
<p>• Artikelinformationen<br />Hersteller: Varier<br />Modell: Variable<br />Designer: Peter Opsvik<br />Farbe: Grau<br />Material: Holz<br />Produktart: Hocker<br />Nichtraucher-Haushalt: Ja</p>
<p>• Paketversand<br />49 EUR</p>
<p>Der Artikel wird per Paket an dich verschickt.<br />Alle Artikel werden von uns auf ihre Qualität geprüft und sorgfältig verpackt.<br />Du benötigst eine Lieferung ins Ausland? Komm gerne auf uns zu und wir machen dir ein Angebot.</p>
<p>• Über Revive<br />Mit unserer professionellen Aufbereitung schenken wir gebrauchten Designermöbeln ein neues Leben.<br />Unsere Produkte sind gegenüber dem Neupreis bereits stark reduziert – so erhältst du hochwertige Produkte zu einem unschlagbaren Preis. Zusätzlich spenden wir 10% unseres Gewinns an gemeinnützige Zwecke.</p>
<p>• Deine Vorteile im Überblick<br />&#8211; Mehr als 1000 sofort verfügbare Designermöbel<br />&#8211; Top Preise<br />&#8211; Nachhaltig<br />&#8211; 2-Mann-Lieferung ins Zimmer deiner Wahl<br />&#8211; Kostenlose Montage<br />&#8211; 30 Tage Rückgaberecht<br />&#8211; 1 Jahr Gewährleistung</p>
<p>• Showroom<br />Revive GmbH<br />Ottostr. 3<br />50859 Köln &#8211; Lövenich<br />Mo-Do: 13-18 Uhr, Fr-Sa: 10-18 Uhr</p>
<p>• Kundenservice<br />Du hast eine Frage? Gerne steht dir unser Team telefonisch und per E-Mail zur Seite.</p>
<p>Telefon: 0221 69 20 65 60<br />E-Mail: hier per Nachricht</p>
<p>• Häufig gestellte Fragen</p>
<p>&gt;&gt; Auf den Fotos kann ich keine Gebrauchsspuren erkennen. Was bedeutet das?<br />Bei all unseren Produkten sind mögliche Gebrauchsspuren eindeutig mit Detail-Fotos bebildert. Ist dies nicht der Fall, befindet sich der Artikel in einem sehr guten Zustand und weist keinerlei sichtbare Mängel auf.</p>
<p>&gt;&gt; Können die Produkte besichtigt werden?<br />Ja, alle angebotenen Artikel haben wir vorrätig, diese können gerne in unserem Showroom in Köln-Lövenich besichtigt werden.<br />Optional kannst du innerhalb unserer Öffnungszeiten (Mo-Do: 13-18 Uhr, Fr-Sa: 10-18 Uhr) einen persönlichen Termin auf revive.de/products/30583-c5 buchen.</p>
<p>Alternativ bieten wir dir die Möglichkeit einer Online Videobesichtigung via WhatsApp.<br />Auf jeder Produktseite auf revive.de kannst du deinen Termin buchen.<br />Wir gehen auf deine individuellen Wünsche ein und bieten dir eine persönliche Beratung.<br />Die Produktseite für diese Anzeige findest du unter: revive.de/products/30583-c5</p>
<p>&gt;&gt; Ist der Preis verhandelbar?<br />Nein, denn unsere Produkte sind gegenüber dem Neupreis bereits stark reduziert – so erhältst du hochwertige Produkte zu einem unschlagbaren Preis.<br />Mögliche Gebrauchsspuren sind bereits mit einberechnet.<br />Alle unsere Preise werden von unseren Experten mit großer Sorgfalt geprüft. Mittels Hersteller und Modell ist der Neupreis für dich jederzeit nachvollziehbar.</p>
<p>&gt;&gt; Wie sind die Lieferzeiten?<br />1-21 Tage deutschlandweit<br />Weltweit auf Anfrage</p>
<p>(Bei Insellieferungen entstehen in der Regel Extrakosten)</p>
<p>Wenn du eine spezielle Anfrage hast, wie z.B. ein enges Treppenhaus oder eine Zustellung per Außenlift,</p>
</div>

<p>Revive GmbH | Gebrauchte Designermöbel • Aufbereitet • Nachhaltig • Sofort Verfügbar Verfügbar in: Köln &#8211; Lövenich Online bestellen: www.revive.de/products/30583-c5 Artikelnummer: #30583-c5 Mit dem „Variable“ von Varier (ehemals Stokke) holst du&#8230;</p>
