{"id":70198,"date":"2026-04-22T23:47:00","date_gmt":"2026-04-22T21:47:00","guid":{"rendered":"https:\/\/homeday.webpremiere.de\/index.php\/produkt\/produkt\/"},"modified":"2026-04-23T02:10:45","modified_gmt":"2026-04-23T00:10:45","slug":"bruehl-alba-leder-ecksofa-schwarz-manuelle-funktion-sofa-couch","status":"publish","type":"product","link":"https:\/\/homeday.webpremiere.de\/index.php\/produkt\/bruehl-alba-leder-ecksofa-schwarz-manuelle-funktion-sofa-couch\/","title":{"rendered":"Br\u00fchl Alba Leder Ecksofa Schwarz manuelle Funktion Sofa Couch"},"content":{"rendered":"<div>\n<p id=\"viewad-description-text\" class=\"ad-keydetails--ad-description\">Revive GmbH | Gebrauchte Designerm\u00f6bel \u2022 Aufbereitet \u2022 Nachhaltig \u2022 Sofort Verf\u00fcgbar<\/p>\n<p>Verf\u00fcgbar in: K\u00f6ln &#8211; L\u00f6venich<br \/>Online bestellen: www.revive.de\/products\/30578-c4<br \/>Artikelnummer: #30578-c4<\/p>\n<p>Dieses Walter Knoll Prime Time Ecksofa ist die ideale L\u00f6sung, wenn Du ein gro\u00dfz\u00fcgiges M\u00f6bel suchst, das trotz seiner beachtlichen Ma\u00dfe eine angenehme visuelle Leichtigkeit beh\u00e4lt. Das Design lebt von den filigranen Metallkufen in Silber, die den schwarzen Lederkorpus fast \u00fcber dem Boden schweben lassen. Mit seiner klaren L-Form nutzt Du den vorhandenen Platz perfekt aus und schaffst eine strukturierte Wohnlandschaft in Deinem Wohnzimmer.Die Kombination aus dem tiefen Korpus und den lose aufgelegten R\u00fcckenkissen sorgt f\u00fcr einen entspannten Look, der niemals steif wirkt. Das schwarze Leder unterstreicht die Wertigkeit der deutschen Manufaktur Walter Knoll und erweist sich im Alltag als \u00e4u\u00dferst dankbar und robust. Durch die schmale Armlehne wird keine Fl\u00e4che verschwendet, sodass Dir die maximale Sitz- und Liegefl\u00e4che f\u00fcr gesellige Runden oder ruhige Abende zur Verf\u00fcgung steht.Die manuelle Funktion des Modells Alba von Br\u00fchl erm\u00f6glicht eine flexible Anpassung der Sitzposition durch integrierte Rastermechaniken in den R\u00fccken- und Armlehnen. Durch einfaches Hochziehen oder Umklappen der Polster kannst du die Lehnenh\u00f6he individuell variieren und das Sofa von einer loungigen Optik in einen komfortablen Hochlehner verwandeln. Ebenso Lassen sich die Armlehnen herunterklappen, um so noch mehr Sitzfl\u00e4che zu gewinnen.<\/p>\n<p>\u2022 Ma\u00dfe<br \/>Breite: 244cm<br \/>H\u00f6he: 81-122cm<br \/>Tiefe: 196cm<br \/>Sitzh\u00f6he: 44cm<br \/>Lehnenh\u00f6he: 62cm<br \/>Sitztiefe: 57-151cm<br \/>Sitzbreite: 201-58cm<br \/>R\u00fcckenlehnenh\u00f6he: 40-80cm<\/p>\n<p>\u2022 Artikelinformationen<br \/>Hersteller: Br\u00fchl<br \/>Modell: Alba<br \/>Designer: Roland Meyer-Br\u00fchl<br \/>Farbe: Schwarz<br \/>Material: Leder<br \/>Produktart: Ecksofa<br \/>Nichtraucher-Haushalt: Ja<\/p>\n<p>\u2022 Lieferung bis in&#8217;s Wohnzimmer (bundesweit)<br \/>249 EUR<\/p>\n<p>Die Lieferung erfolgt durch zwei unserer Mitarbeiter bis zum gew\u00fcnschten Platz (inkl. Verpackungsentsorgung).<br \/>Alle Artikel werden von uns auf ihre Qualit\u00e4t gepr\u00fcft und sorgf\u00e4ltig verpackt.<br \/>Wir informieren dich 1-3 Tage vorab \u00fcber den konkreten Liefertermin.<br \/>Du ben\u00f6tigst eine Lieferung ins Ausland? Komm gerne auf uns zu und wir machen dir ein Angebot.<\/p>\n<p>\u2022 \u00dcber Revive<br \/>Mit unserer professionellen Aufbereitung schenken wir gebrauchten Designerm\u00f6beln ein neues Leben.<br \/>Unsere Produkte sind gegen\u00fcber dem Neupreis bereits stark reduziert \u2013 so erh\u00e4ltst du hochwertige Produkte zu einem unschlagbaren Preis. Zus\u00e4tzlich spenden wir 10% unseres Gewinns an gemeinn\u00fctzige Zwecke.<\/p>\n<p>\u2022 Deine Vorteile im \u00dcberblick<br \/>&#8211; Mehr als 1000 sofort verf\u00fcgbare Designerm\u00f6bel<br \/>&#8211; Top Preise<br \/>&#8211; Nachhaltig<br \/>&#8211; 2-Mann-Lieferung ins Zimmer deiner Wahl<br \/>&#8211; Kostenlose Montage<br \/>&#8211; 30 Tage R\u00fcckgaberecht<br \/>&#8211; 1 Jahr Gew\u00e4hrleistung<\/p>\n<p>\u2022 Showroom<br \/>Revive GmbH<br \/>Ottostr. 3<br \/>50859 K\u00f6ln &#8211; L\u00f6venich<br \/>Mo-Do: 13-18 Uhr, Fr-Sa: 10-18 Uhr<\/p>\n<p>\u2022 Kundenservice<br \/>Du hast eine Frage? Gerne steht dir unser Team telefonisch und per E-Mail zur Seite.<\/p>\n<p>Telefon: 0221 69 20 65 60<br \/>E-Mail: hier per Nachricht<\/p>\n<p>\u2022 H\u00e4ufig gestellte Fragen<\/p>\n<p>&gt;&gt; Auf den Fotos kann ich keine Gebrauchsspuren erkennen. Was bedeutet das?<br \/>Bei all unseren Produkten sind m\u00f6gliche Gebrauchsspuren eindeutig mit Detail-Fotos bebildert. Ist dies nicht der Fall, befindet sich der Artikel in einem sehr guten Zustand und weist keinerlei sichtbare M\u00e4ngel auf.<\/p>\n<p>&gt;&gt; K\u00f6nnen die Produkte besichtigt werden?<br \/>Ja, alle angebotenen Artikel haben wir vorr\u00e4tig, diese k\u00f6nnen gerne in unserem Showroom in K\u00f6ln-L\u00f6venich besichtigt werden.<br \/>Optional kannst du innerhalb unserer \u00d6ffnungszeiten (Mo-Do: 13-18 Uhr, Fr-Sa: 10-18 Uhr) einen pers\u00f6nlichen Termin auf revive.de\/products\/30578-c4 buchen.<\/p>\n<p>Alternativ bieten wir dir die M\u00f6glichkeit einer Online Videobesichtigung via WhatsApp.<br \/>Auf jeder Produktseite auf revive.de kannst du deinen Termin buchen.<br \/>Wir gehen auf deine individuellen W\u00fcnsche ein und bieten dir eine pers\u00f6nliche Beratung.<br \/>Die Produktseite f\u00fcr diese Anzeige findest du unter: revive.de\/products\/30578-c4<\/p>\n<p>Hast du<\/p>\n<\/div>\n","protected":false},"excerpt":{"rendered":"<p>Revive GmbH | Gebrauchte Designerm\u00f6bel \u2022 Aufbereitet \u2022 Nachhaltig \u2022 Sofort Verf\u00fcgbar Verf\u00fcgbar in: K\u00f6ln &#8211; L\u00f6venich Online bestellen: www.revive.de\/products\/30578-c4 Artikelnummer: #30578-c4 Dieses Walter Knoll Prime Time Ecksofa ist die ideale L&#8230;<\/p>\n","protected":false},"featured_media":70199,"template":"","meta":[],"product_label":[],"product_brand":[],"product_cat":[15],"product_tag":[],"class_list":{"0":"post-70198","1":"product","2":"type-product","3":"status-publish","4":"has-post-thumbnail","6":"product_cat-unkategorisiert","8":"first","9":"instock","10":"shipping-taxable","11":"purchasable","12":"product-type-kleinanzeige"},"_links":{"self":[{"href":"https:\/\/homeday.webpremiere.de\/index.php\/wp-json\/wp\/v2\/product\/70198","targetHints":{"allow":["GET"]}}],"collection":[{"href":"https:\/\/homeday.webpremiere.de\/index.php\/wp-json\/wp\/v2\/product"}],"about":[{"href":"https:\/\/homeday.webpremiere.de\/index.php\/wp-json\/wp\/v2\/types\/product"}],"wp:featuredmedia":[{"embeddable":true,"href":"https:\/\/homeday.webpremiere.de\/index.php\/wp-json\/wp\/v2\/media\/70199"}],"wp:attachment":[{"href":"https:\/\/homeday.webpremiere.de\/index.php\/wp-json\/wp\/v2\/media?parent=70198"}],"wp:term":[{"taxonomy":"product_label","embeddable":true,"href":"https:\/\/homeday.webpremiere.de\/index.php\/wp-json\/wp\/v2\/product_label?post=70198"},{"taxonomy":"product_brand","embeddable":true,"href":"https:\/\/homeday.webpremiere.de\/index.php\/wp-json\/wp\/v2\/product_brand?post=70198"},{"taxonomy":"product_cat","embeddable":true,"href":"https:\/\/homeday.webpremiere.de\/index.php\/wp-json\/wp\/v2\/product_cat?post=70198"},{"taxonomy":"product_tag","embeddable":true,"href":"https:\/\/homeday.webpremiere.de\/index.php\/wp-json\/wp\/v2\/product_tag?post=70198"}],"curies":[{"name":"wp","href":"https:\/\/api.w.org\/{rel}","templated":true}]}}

Brühl Alba Leder Ecksofa Schwarz manuelle Funktion Sofa Couch

<div>
<p id="viewad-description-text" class="ad-keydetails--ad-description">Revive GmbH | Gebrauchte Designermöbel • Aufbereitet • Nachhaltig • Sofort Verfügbar</p>
<p>Verfügbar in: Köln &#8211; Lövenich<br />Online bestellen: www.revive.de/products/30578-c4<br />Artikelnummer: #30578-c4</p>
<p>Dieses Walter Knoll Prime Time Ecksofa ist die ideale Lösung, wenn Du ein großzügiges Möbel suchst, das trotz seiner beachtlichen Maße eine angenehme visuelle Leichtigkeit behält. Das Design lebt von den filigranen Metallkufen in Silber, die den schwarzen Lederkorpus fast über dem Boden schweben lassen. Mit seiner klaren L-Form nutzt Du den vorhandenen Platz perfekt aus und schaffst eine strukturierte Wohnlandschaft in Deinem Wohnzimmer.Die Kombination aus dem tiefen Korpus und den lose aufgelegten Rückenkissen sorgt für einen entspannten Look, der niemals steif wirkt. Das schwarze Leder unterstreicht die Wertigkeit der deutschen Manufaktur Walter Knoll und erweist sich im Alltag als äußerst dankbar und robust. Durch die schmale Armlehne wird keine Fläche verschwendet, sodass Dir die maximale Sitz- und Liegefläche für gesellige Runden oder ruhige Abende zur Verfügung steht.Die manuelle Funktion des Modells Alba von Brühl ermöglicht eine flexible Anpassung der Sitzposition durch integrierte Rastermechaniken in den Rücken- und Armlehnen. Durch einfaches Hochziehen oder Umklappen der Polster kannst du die Lehnenhöhe individuell variieren und das Sofa von einer loungigen Optik in einen komfortablen Hochlehner verwandeln. Ebenso Lassen sich die Armlehnen herunterklappen, um so noch mehr Sitzfläche zu gewinnen.</p>
<p>• Maße<br />Breite: 244cm<br />Höhe: 81-122cm<br />Tiefe: 196cm<br />Sitzhöhe: 44cm<br />Lehnenhöhe: 62cm<br />Sitztiefe: 57-151cm<br />Sitzbreite: 201-58cm<br />Rückenlehnenhöhe: 40-80cm</p>
<p>• Artikelinformationen<br />Hersteller: Brühl<br />Modell: Alba<br />Designer: Roland Meyer-Brühl<br />Farbe: Schwarz<br />Material: Leder<br />Produktart: Ecksofa<br />Nichtraucher-Haushalt: Ja</p>
<p>• Lieferung bis in&#8217;s Wohnzimmer (bundesweit)<br />249 EUR</p>
<p>Die Lieferung erfolgt durch zwei unserer Mitarbeiter bis zum gewünschten Platz (inkl. Verpackungsentsorgung).<br />Alle Artikel werden von uns auf ihre Qualität geprüft und sorgfältig verpackt.<br />Wir informieren dich 1-3 Tage vorab über den konkreten Liefertermin.<br />Du benötigst eine Lieferung ins Ausland? Komm gerne auf uns zu und wir machen dir ein Angebot.</p>
<p>• Über Revive<br />Mit unserer professionellen Aufbereitung schenken wir gebrauchten Designermöbeln ein neues Leben.<br />Unsere Produkte sind gegenüber dem Neupreis bereits stark reduziert – so erhältst du hochwertige Produkte zu einem unschlagbaren Preis. Zusätzlich spenden wir 10% unseres Gewinns an gemeinnützige Zwecke.</p>
<p>• Deine Vorteile im Überblick<br />&#8211; Mehr als 1000 sofort verfügbare Designermöbel<br />&#8211; Top Preise<br />&#8211; Nachhaltig<br />&#8211; 2-Mann-Lieferung ins Zimmer deiner Wahl<br />&#8211; Kostenlose Montage<br />&#8211; 30 Tage Rückgaberecht<br />&#8211; 1 Jahr Gewährleistung</p>
<p>• Showroom<br />Revive GmbH<br />Ottostr. 3<br />50859 Köln &#8211; Lövenich<br />Mo-Do: 13-18 Uhr, Fr-Sa: 10-18 Uhr</p>
<p>• Kundenservice<br />Du hast eine Frage? Gerne steht dir unser Team telefonisch und per E-Mail zur Seite.</p>
<p>Telefon: 0221 69 20 65 60<br />E-Mail: hier per Nachricht</p>
<p>• Häufig gestellte Fragen</p>
<p>&gt;&gt; Auf den Fotos kann ich keine Gebrauchsspuren erkennen. Was bedeutet das?<br />Bei all unseren Produkten sind mögliche Gebrauchsspuren eindeutig mit Detail-Fotos bebildert. Ist dies nicht der Fall, befindet sich der Artikel in einem sehr guten Zustand und weist keinerlei sichtbare Mängel auf.</p>
<p>&gt;&gt; Können die Produkte besichtigt werden?<br />Ja, alle angebotenen Artikel haben wir vorrätig, diese können gerne in unserem Showroom in Köln-Lövenich besichtigt werden.<br />Optional kannst du innerhalb unserer Öffnungszeiten (Mo-Do: 13-18 Uhr, Fr-Sa: 10-18 Uhr) einen persönlichen Termin auf revive.de/products/30578-c4 buchen.</p>
<p>Alternativ bieten wir dir die Möglichkeit einer Online Videobesichtigung via WhatsApp.<br />Auf jeder Produktseite auf revive.de kannst du deinen Termin buchen.<br />Wir gehen auf deine individuellen Wünsche ein und bieten dir eine persönliche Beratung.<br />Die Produktseite für diese Anzeige findest du unter: revive.de/products/30578-c4</p>
<p>Hast du</p>
</div>

<p>Revive GmbH | Gebrauchte Designermöbel • Aufbereitet • Nachhaltig • Sofort Verfügbar Verfügbar in: Köln &#8211; Lövenich Online bestellen: www.revive.de/products/30578-c4 Artikelnummer: #30578-c4 Dieses Walter Knoll Prime Time Ecksofa ist die ideale L&#8230;</p>
